{"id":98,"date":"2020-04-29T12:30:23","date_gmt":"2020-04-29T15:30:23","guid":{"rendered":"http:\/\/vittalitat.com.br\/vittalitat\/?post_type=product&#038;p=98"},"modified":"2026-04-28T08:49:44","modified_gmt":"2026-04-28T11:49:44","slug":"geleviamin-geleia-real-90-capsulas","status":"publish","type":"product","link":"https:\/\/vittalitat.com.br\/vittalitat\/loja\/geleviamin-geleia-real-90-capsulas\/","title":{"rendered":"Geleviamin (Gel\u00e9ia Real) &#8211; 90 C\u00e1psulas"},"content":{"rendered":"<p>Geleviamin \u00e9 o suplemento nutricional que oferece as propriedades da geleia real pura com a praticidade de um produto em c\u00e1psulas \u2013 que dispensa a refrigera\u00e7\u00e3o -, al\u00e9m dos benef\u00edcios adicionais das vitaminas do complexo B.<\/p>\n<p>Retirada de colmeias, a geleia real passa por um processo denominado liofiliza\u00e7\u00e3o, que retira a umidade da geleia e a transforma em p\u00f3, concentrando todos os seus nutrientes.<\/p>\n<p>As vitaminas do complexo B no Geleviamin s\u00e3o as vitaminas B1, B2, B3, B5, B6, B9 (metilfolato) e B12 (metilcobalamina).<\/p>\n<p><strong><b>Ingredientes<\/b><\/strong><\/p>\n<p>geleia real liofilizada, vitamina B3 (Niacina), vitamina B5 (\u00c1cido Pantot\u00eanico), vitamina B1 (Tamina), vitamina B2 (Riboflavina), vitamina B12 (Cobalamina), vitamina B6 (Piridoxina) B9 (metilfolato)<\/p>\n<p>amido, gelatina (gelificante), glicerina (umectante) e \u00e1gua purificada<\/p>\n<p><strong><b>Modo de Uso <\/b><\/strong>Recomenda\u00e7\u00e3o de consumo: 3 c\u00e1psulas ao dia, antes das refei\u00e7\u00f5es.<\/p>\n<p><img fetchpriority=\"high\" decoding=\"async\" class=\"alignnone  wp-image-2149\" src=\"https:\/\/vittalitat.com.br\/vittalitat\/wp-content\/uploads\/2020\/04\/nutricional-300x229.jpg\" alt=\"\" width=\"371\" height=\"283\" srcset=\"https:\/\/vittalitat.com.br\/vittalitat\/wp-content\/uploads\/2020\/04\/nutricional-300x229.jpg 300w, https:\/\/vittalitat.com.br\/vittalitat\/wp-content\/uploads\/2020\/04\/nutricional-416x317.jpg 416w, https:\/\/vittalitat.com.br\/vittalitat\/wp-content\/uploads\/2020\/04\/nutricional.jpg 709w\" sizes=\"(max-width: 371px) 100vw, 371px\" \/><\/p>\n","protected":false},"excerpt":{"rendered":"<h4>Geleviamin \u00e9 um suplemento alimentar de geleia real liofilizada em c\u00e1psulas e vitaminas do complexo B.<\/h4>\n","protected":false},"featured_media":2147,"comment_status":"open","ping_status":"closed","template":"","meta":{"_coblocks_attr":"","_coblocks_dimensions":"","_coblocks_responsive_height":"","_coblocks_accordion_ie_support":""},"product_brand":[],"product_cat":[27,32,21],"product_tag":[34,33],"class_list":{"0":"post-98","1":"product","2":"type-product","3":"status-publish","4":"has-post-thumbnail","6":"product_cat-anew","7":"product_cat-geleia-real","8":"product_cat-imunidade","9":"product_tag-geleia-real","10":"product_tag-imunidade","12":"first","13":"instock","14":"shipping-taxable","15":"purchasable","16":"product-type-simple"},"yoast_head":"<!-- This site is optimized with the Yoast SEO plugin v21.9.1 - https:\/\/yoast.com\/wordpress\/plugins\/seo\/ -->\n<title>Geleviamin (Gel\u00e9ia Real) - 90 C\u00e1psulas - Vittalitat<\/title>\n<meta name=\"description\" content=\"Geleviamin \u00e9 um complexo nutricional com as propriedades da geleia real 100% pura, mas com a praticidade de um produto em c\u00e1psulas e os benef\u00edcios adicionais das vitaminas do complexo B.\" \/>\n<meta name=\"robots\" content=\"index, follow, max-snippet:-1, max-image-preview:large, max-video-preview:-1\" \/>\n<link rel=\"canonical\" href=\"https:\/\/vittalitat.com.br\/vittalitat\/loja\/geleviamin-geleia-real-90-capsulas\/\" \/>\n<meta property=\"og:locale\" content=\"pt_BR\" \/>\n<meta property=\"og:type\" content=\"article\" \/>\n<meta property=\"og:title\" content=\"Geleviamin (Gel\u00e9ia Real) - 90 C\u00e1psulas - Vittalitat\" \/>\n<meta property=\"og:description\" content=\"Geleviamin \u00e9 um complexo nutricional com as propriedades da geleia real 100% pura, mas com a praticidade de um produto em c\u00e1psulas e os benef\u00edcios adicionais das vitaminas do complexo B.\" \/>\n<meta property=\"og:url\" content=\"https:\/\/vittalitat.com.br\/vittalitat\/loja\/geleviamin-geleia-real-90-capsulas\/\" \/>\n<meta property=\"og:site_name\" content=\"Vittalitat\" \/>\n<meta property=\"article:publisher\" content=\"https:\/\/www.facebook.com\/vittalitat\" \/>\n<meta property=\"article:modified_time\" content=\"2026-04-28T11:49:44+00:00\" \/>\n<meta property=\"og:image\" content=\"https:\/\/vittalitat.com.br\/vittalitat\/wp-content\/uploads\/2020\/04\/GV-novo.jpg\" \/>\n\t<meta property=\"og:image:width\" content=\"198\" \/>\n\t<meta property=\"og:image:height\" content=\"374\" \/>\n\t<meta property=\"og:image:type\" content=\"image\/jpeg\" \/>\n<meta name=\"twitter:card\" content=\"summary_large_image\" \/>\n<meta name=\"twitter:label1\" content=\"Est. tempo de leitura\" \/>\n\t<meta name=\"twitter:data1\" content=\"1 minuto\" \/>\n<script type=\"application\/ld+json\" class=\"yoast-schema-graph\">{\"@context\":\"https:\/\/schema.org\",\"@graph\":[{\"@type\":\"WebPage\",\"@id\":\"https:\/\/vittalitat.com.br\/vittalitat\/loja\/geleviamin-geleia-real-90-capsulas\/\",\"url\":\"https:\/\/vittalitat.com.br\/vittalitat\/loja\/geleviamin-geleia-real-90-capsulas\/\",\"name\":\"Geleviamin (Gel\u00e9ia Real) - 90 C\u00e1psulas - Vittalitat\",\"isPartOf\":{\"@id\":\"https:\/\/vittalitat.com.br\/vittalitat\/#website\"},\"datePublished\":\"2020-04-29T15:30:23+00:00\",\"dateModified\":\"2026-04-28T11:49:44+00:00\",\"description\":\"Geleviamin \u00e9 um complexo nutricional com as propriedades da geleia real 100% pura, mas com a praticidade de um produto em c\u00e1psulas e os benef\u00edcios adicionais das vitaminas do complexo B.\",\"breadcrumb\":{\"@id\":\"https:\/\/vittalitat.com.br\/vittalitat\/loja\/geleviamin-geleia-real-90-capsulas\/#breadcrumb\"},\"inLanguage\":\"pt-BR\",\"potentialAction\":[{\"@type\":\"ReadAction\",\"target\":[\"https:\/\/vittalitat.com.br\/vittalitat\/loja\/geleviamin-geleia-real-90-capsulas\/\"]}]},{\"@type\":\"BreadcrumbList\",\"@id\":\"https:\/\/vittalitat.com.br\/vittalitat\/loja\/geleviamin-geleia-real-90-capsulas\/#breadcrumb\",\"itemListElement\":[{\"@type\":\"ListItem\",\"position\":1,\"name\":\"In\u00edcio\",\"item\":\"https:\/\/vittalitat.com.br\/vittalitat\/\"},{\"@type\":\"ListItem\",\"position\":2,\"name\":\"Produtos\",\"item\":\"https:\/\/vittalitat.com.br\/vittalitat\/shop\/\"},{\"@type\":\"ListItem\",\"position\":3,\"name\":\"Geleviamin (Gel\u00e9ia Real) &#8211; 90 C\u00e1psulas\"}]},{\"@type\":\"WebSite\",\"@id\":\"https:\/\/vittalitat.com.br\/vittalitat\/#website\",\"url\":\"https:\/\/vittalitat.com.br\/vittalitat\/\",\"name\":\"Vittalitat\",\"description\":\"Sa\u00fade, preven\u00e7\u00e3o e bem-estar\",\"publisher\":{\"@id\":\"https:\/\/vittalitat.com.br\/vittalitat\/#organization\"},\"potentialAction\":[{\"@type\":\"SearchAction\",\"target\":{\"@type\":\"EntryPoint\",\"urlTemplate\":\"https:\/\/vittalitat.com.br\/vittalitat\/?s={search_term_string}\"},\"query-input\":\"required name=search_term_string\"}],\"inLanguage\":\"pt-BR\"},{\"@type\":\"Organization\",\"@id\":\"https:\/\/vittalitat.com.br\/vittalitat\/#organization\",\"name\":\"Vittalitat\",\"url\":\"https:\/\/vittalitat.com.br\/vittalitat\/\",\"logo\":{\"@type\":\"ImageObject\",\"inLanguage\":\"pt-BR\",\"@id\":\"https:\/\/vittalitat.com.br\/vittalitat\/#\/schema\/logo\/image\/\",\"url\":\"https:\/\/vittalitat.com.br\/vittalitat\/wp-content\/uploads\/2020\/04\/logo-para-o-face.png\",\"contentUrl\":\"https:\/\/vittalitat.com.br\/vittalitat\/wp-content\/uploads\/2020\/04\/logo-para-o-face.png\",\"width\":700,\"height\":700,\"caption\":\"Vittalitat\"},\"image\":{\"@id\":\"https:\/\/vittalitat.com.br\/vittalitat\/#\/schema\/logo\/image\/\"},\"sameAs\":[\"https:\/\/www.facebook.com\/vittalitat\",\"https:\/\/www.instagram.com\/vittalitat\"]}]}<\/script>\n<!-- \/ Yoast SEO plugin. -->","yoast_head_json":{"title":"Geleviamin (Gel\u00e9ia Real) - 90 C\u00e1psulas - Vittalitat","description":"Geleviamin \u00e9 um complexo nutricional com as propriedades da geleia real 100% pura, mas com a praticidade de um produto em c\u00e1psulas e os benef\u00edcios adicionais das vitaminas do complexo B.","robots":{"index":"index","follow":"follow","max-snippet":"max-snippet:-1","max-image-preview":"max-image-preview:large","max-video-preview":"max-video-preview:-1"},"canonical":"https:\/\/vittalitat.com.br\/vittalitat\/loja\/geleviamin-geleia-real-90-capsulas\/","og_locale":"pt_BR","og_type":"article","og_title":"Geleviamin (Gel\u00e9ia Real) - 90 C\u00e1psulas - Vittalitat","og_description":"Geleviamin \u00e9 um complexo nutricional com as propriedades da geleia real 100% pura, mas com a praticidade de um produto em c\u00e1psulas e os benef\u00edcios adicionais das vitaminas do complexo B.","og_url":"https:\/\/vittalitat.com.br\/vittalitat\/loja\/geleviamin-geleia-real-90-capsulas\/","og_site_name":"Vittalitat","article_publisher":"https:\/\/www.facebook.com\/vittalitat","article_modified_time":"2026-04-28T11:49:44+00:00","og_image":[{"width":198,"height":374,"url":"https:\/\/vittalitat.com.br\/vittalitat\/wp-content\/uploads\/2020\/04\/GV-novo.jpg","type":"image\/jpeg"}],"twitter_card":"summary_large_image","twitter_misc":{"Est. tempo de leitura":"1 minuto"},"schema":{"@context":"https:\/\/schema.org","@graph":[{"@type":"WebPage","@id":"https:\/\/vittalitat.com.br\/vittalitat\/loja\/geleviamin-geleia-real-90-capsulas\/","url":"https:\/\/vittalitat.com.br\/vittalitat\/loja\/geleviamin-geleia-real-90-capsulas\/","name":"Geleviamin (Gel\u00e9ia Real) - 90 C\u00e1psulas - Vittalitat","isPartOf":{"@id":"https:\/\/vittalitat.com.br\/vittalitat\/#website"},"datePublished":"2020-04-29T15:30:23+00:00","dateModified":"2026-04-28T11:49:44+00:00","description":"Geleviamin \u00e9 um complexo nutricional com as propriedades da geleia real 100% pura, mas com a praticidade de um produto em c\u00e1psulas e os benef\u00edcios adicionais das vitaminas do complexo B.","breadcrumb":{"@id":"https:\/\/vittalitat.com.br\/vittalitat\/loja\/geleviamin-geleia-real-90-capsulas\/#breadcrumb"},"inLanguage":"pt-BR","potentialAction":[{"@type":"ReadAction","target":["https:\/\/vittalitat.com.br\/vittalitat\/loja\/geleviamin-geleia-real-90-capsulas\/"]}]},{"@type":"BreadcrumbList","@id":"https:\/\/vittalitat.com.br\/vittalitat\/loja\/geleviamin-geleia-real-90-capsulas\/#breadcrumb","itemListElement":[{"@type":"ListItem","position":1,"name":"In\u00edcio","item":"https:\/\/vittalitat.com.br\/vittalitat\/"},{"@type":"ListItem","position":2,"name":"Produtos","item":"https:\/\/vittalitat.com.br\/vittalitat\/shop\/"},{"@type":"ListItem","position":3,"name":"Geleviamin (Gel\u00e9ia Real) &#8211; 90 C\u00e1psulas"}]},{"@type":"WebSite","@id":"https:\/\/vittalitat.com.br\/vittalitat\/#website","url":"https:\/\/vittalitat.com.br\/vittalitat\/","name":"Vittalitat","description":"Sa\u00fade, preven\u00e7\u00e3o e bem-estar","publisher":{"@id":"https:\/\/vittalitat.com.br\/vittalitat\/#organization"},"potentialAction":[{"@type":"SearchAction","target":{"@type":"EntryPoint","urlTemplate":"https:\/\/vittalitat.com.br\/vittalitat\/?s={search_term_string}"},"query-input":"required name=search_term_string"}],"inLanguage":"pt-BR"},{"@type":"Organization","@id":"https:\/\/vittalitat.com.br\/vittalitat\/#organization","name":"Vittalitat","url":"https:\/\/vittalitat.com.br\/vittalitat\/","logo":{"@type":"ImageObject","inLanguage":"pt-BR","@id":"https:\/\/vittalitat.com.br\/vittalitat\/#\/schema\/logo\/image\/","url":"https:\/\/vittalitat.com.br\/vittalitat\/wp-content\/uploads\/2020\/04\/logo-para-o-face.png","contentUrl":"https:\/\/vittalitat.com.br\/vittalitat\/wp-content\/uploads\/2020\/04\/logo-para-o-face.png","width":700,"height":700,"caption":"Vittalitat"},"image":{"@id":"https:\/\/vittalitat.com.br\/vittalitat\/#\/schema\/logo\/image\/"},"sameAs":["https:\/\/www.facebook.com\/vittalitat","https:\/\/www.instagram.com\/vittalitat"]}]}},"_links":{"self":[{"href":"https:\/\/vittalitat.com.br\/vittalitat\/wp-json\/wp\/v2\/product\/98","targetHints":{"allow":["GET"]}}],"collection":[{"href":"https:\/\/vittalitat.com.br\/vittalitat\/wp-json\/wp\/v2\/product"}],"about":[{"href":"https:\/\/vittalitat.com.br\/vittalitat\/wp-json\/wp\/v2\/types\/product"}],"replies":[{"embeddable":true,"href":"https:\/\/vittalitat.com.br\/vittalitat\/wp-json\/wp\/v2\/comments?post=98"}],"wp:featuredmedia":[{"embeddable":true,"href":"https:\/\/vittalitat.com.br\/vittalitat\/wp-json\/wp\/v2\/media\/2147"}],"wp:attachment":[{"href":"https:\/\/vittalitat.com.br\/vittalitat\/wp-json\/wp\/v2\/media?parent=98"}],"wp:term":[{"taxonomy":"product_brand","embeddable":true,"href":"https:\/\/vittalitat.com.br\/vittalitat\/wp-json\/wp\/v2\/product_brand?post=98"},{"taxonomy":"product_cat","embeddable":true,"href":"https:\/\/vittalitat.com.br\/vittalitat\/wp-json\/wp\/v2\/product_cat?post=98"},{"taxonomy":"product_tag","embeddable":true,"href":"https:\/\/vittalitat.com.br\/vittalitat\/wp-json\/wp\/v2\/product_tag?post=98"}],"curies":[{"name":"wp","href":"https:\/\/api.w.org\/{rel}","templated":true}]}}