{"id":2660,"date":"2024-09-26T16:17:16","date_gmt":"2024-09-26T19:17:16","guid":{"rendered":"https:\/\/vittalitat.com.br\/vittalitat\/?post_type=product&#038;p=2660"},"modified":"2025-05-02T16:07:30","modified_gmt":"2025-05-02T19:07:30","slug":"rescue-night-gummies-framboesa-floral-de-bach-original-60-gomas","status":"publish","type":"product","link":"https:\/\/vittalitat.com.br\/vittalitat\/loja\/rescue-night-gummies-framboesa-floral-de-bach-original-60-gomas\/","title":{"rendered":"Rescue Night Gummies Framboesa Floral de Bach Original (60 gomas)"},"content":{"rendered":"<p data-sourcepos=\"16:1-16:36\"><strong>Feito com ingredientes naturais:<\/strong><\/p>\n<ul data-sourcepos=\"18:1-21:0\">\n<li data-sourcepos=\"18:1-18:31\">Sem aditivos artificiais.<\/li>\n<li data-sourcepos=\"19:1-19:17\">Sem gl\u00faten.<\/li>\n<li data-sourcepos=\"20:1-21:0\">Sem lactose.<\/li>\n<\/ul>\n<p data-sourcepos=\"22:1-22:18\"><strong>F\u00e1cil de usar:<\/strong><\/p>\n<ul data-sourcepos=\"24:1-25:0\">\n<li data-sourcepos=\"24:1-25:0\"><strong>Basta mastigar 1 goma 30 minutos antes de dormir.<\/strong><\/li>\n<\/ul>\n<p data-sourcepos=\"26:1-26:49\"><strong>Benef\u00edcios do RESCUE Night Gummies Framboesa:<\/strong><\/p>\n<ul data-sourcepos=\"28:1-35:0\">\n<li data-sourcepos=\"28:1-28:72\">Acorda se sentindo revigorado e pronto para enfrentar o dia.<\/li>\n<li data-sourcepos=\"29:1-29:47\">Melhora sua concentra\u00e7\u00e3o e produtividade.<\/li>\n<li data-sourcepos=\"30:1-30:47\">Fortalece seu sistema imunol\u00f3gico.<\/li>\n<li data-sourcepos=\"31:1-31:68\">Promove um sono tranquilo e reparador, sem efeitos colaterais.<\/li>\n<li data-sourcepos=\"32:1-32:35\">Sabor delicioso de framboesa.<\/li>\n<li data-sourcepos=\"33:1-33:30\">Pr\u00e1tico e f\u00e1cil de usar.<\/li>\n<li data-sourcepos=\"34:1-35:0\">Feito com ingredientes naturais e veganos.<\/li>\n<\/ul>\n<p data-sourcepos=\"36:1-36:53\"><strong>Compre agora e diga adeus \u00e0s noites mal dormidas!<\/strong><\/p>\n<p data-sourcepos=\"40:1-40:225\"><strong>RESCUE\u00ae combina cinco ess\u00eancias florais originais descobertas pelo Dr. Edward Bach nos anos 1930 &#8211; para dar apoio em momentos de demanda emocional. A \u00fanica marca com a assinatura do Dr. Bach de autenticidade.<\/strong><\/p>\n","protected":false},"excerpt":{"rendered":"<h4 data-sourcepos=\"1:1-1:69\"><strong>RESCUE Night Gummies Framboesa: Diga Adeus \u00e0s Noites Mal Dormidas!<\/strong><\/h4>\n<p data-sourcepos=\"3:1-3:77\"><strong>Cansado de noites mal dormidas que te deixam sem energia no dia seguinte?<\/strong><\/p>\n<p data-sourcepos=\"5:1-5:70\"><strong>Preocupado com os efeitos colaterais dos medicamentos para dormir?<\/strong><\/p>\n<p data-sourcepos=\"7:1-7:103\"><strong>Experimente o RESCUE Night Gummies Framboesa, a solu\u00e7\u00e3o natural para um sono tranquilo e reparador!<\/strong><\/p>\n<p data-sourcepos=\"9:1-9:132\"><strong>Com sabor delicioso de framboesa e enriquecido com a exclusiva mistura de Florais de Bach\u2122 do RESCUE\u00ae e o floral White Chestnut:<\/strong><\/p>\n<ul data-sourcepos=\"11:1-15:0\">\n<li data-sourcepos=\"11:1-11:68\">Facilita o relaxamento e acalma a mente antes de dormir.<\/li>\n<li data-sourcepos=\"12:1-12:75\">Reduz pensamentos indesejados e repetitivos que te impedem de dormir.<\/li>\n<li data-sourcepos=\"13:1-13:62\">Promove um sono natural, sem sonol\u00eancia no dia seguinte.<\/li>\n<li data-sourcepos=\"14:1-15:0\">Cont\u00e9m 60 gomas veganas<strong>.<\/strong><\/li>\n<\/ul>\n","protected":false},"featured_media":2661,"comment_status":"open","ping_status":"closed","template":"","meta":{"_coblocks_attr":"","_coblocks_dimensions":"","_coblocks_responsive_height":"","_coblocks_accordion_ie_support":""},"product_brand":[],"product_cat":[78],"product_tag":[],"class_list":{"0":"post-2660","1":"product","2":"type-product","3":"status-publish","4":"has-post-thumbnail","6":"product_cat-rescue","8":"first","9":"outofstock","10":"shipping-taxable","11":"purchasable","12":"product-type-simple"},"yoast_head":"<!-- This site is optimized with the Yoast SEO plugin v21.9.1 - https:\/\/yoast.com\/wordpress\/plugins\/seo\/ -->\n<title>Rescue Night Gummies Framboesa Floral de Bach Original (60 gomas) - Vittalitat<\/title>\n<meta name=\"description\" content=\"Rescue Night Gummies Framboesa Floral de Bach Original (60 gomas) - Vittalitat\" \/>\n<meta name=\"robots\" content=\"index, follow, max-snippet:-1, max-image-preview:large, max-video-preview:-1\" \/>\n<link rel=\"canonical\" href=\"https:\/\/vittalitat.com.br\/vittalitat\/loja\/rescue-night-gummies-framboesa-floral-de-bach-original-60-gomas\/\" \/>\n<meta property=\"og:locale\" content=\"pt_BR\" \/>\n<meta property=\"og:type\" content=\"article\" \/>\n<meta property=\"og:title\" content=\"Rescue Night Gummies Framboesa Floral de Bach Original (60 gomas) - Vittalitat\" \/>\n<meta property=\"og:description\" content=\"Rescue Night Gummies Framboesa Floral de Bach Original (60 gomas) - Vittalitat\" \/>\n<meta property=\"og:url\" content=\"https:\/\/vittalitat.com.br\/vittalitat\/loja\/rescue-night-gummies-framboesa-floral-de-bach-original-60-gomas\/\" \/>\n<meta property=\"og:site_name\" content=\"Vittalitat\" \/>\n<meta property=\"article:publisher\" content=\"https:\/\/www.facebook.com\/vittalitat\" \/>\n<meta property=\"article:modified_time\" content=\"2025-05-02T19:07:30+00:00\" \/>\n<meta property=\"og:image\" content=\"https:\/\/vittalitat.com.br\/vittalitat\/wp-content\/uploads\/2024\/09\/Rescue-n.webp\" \/>\n\t<meta property=\"og:image:width\" content=\"416\" \/>\n\t<meta property=\"og:image:height\" content=\"416\" \/>\n\t<meta property=\"og:image:type\" content=\"image\/webp\" \/>\n<meta name=\"twitter:card\" content=\"summary_large_image\" \/>\n<meta name=\"twitter:label1\" content=\"Est. tempo de leitura\" \/>\n\t<meta name=\"twitter:data1\" content=\"1 minuto\" \/>\n<script type=\"application\/ld+json\" class=\"yoast-schema-graph\">{\"@context\":\"https:\/\/schema.org\",\"@graph\":[{\"@type\":\"WebPage\",\"@id\":\"https:\/\/vittalitat.com.br\/vittalitat\/loja\/rescue-night-gummies-framboesa-floral-de-bach-original-60-gomas\/\",\"url\":\"https:\/\/vittalitat.com.br\/vittalitat\/loja\/rescue-night-gummies-framboesa-floral-de-bach-original-60-gomas\/\",\"name\":\"Rescue Night Gummies Framboesa Floral de Bach Original (60 gomas) - Vittalitat\",\"isPartOf\":{\"@id\":\"https:\/\/vittalitat.com.br\/vittalitat\/#website\"},\"datePublished\":\"2024-09-26T19:17:16+00:00\",\"dateModified\":\"2025-05-02T19:07:30+00:00\",\"description\":\"Rescue Night Gummies Framboesa Floral de Bach Original (60 gomas) - Vittalitat\",\"breadcrumb\":{\"@id\":\"https:\/\/vittalitat.com.br\/vittalitat\/loja\/rescue-night-gummies-framboesa-floral-de-bach-original-60-gomas\/#breadcrumb\"},\"inLanguage\":\"pt-BR\",\"potentialAction\":[{\"@type\":\"ReadAction\",\"target\":[\"https:\/\/vittalitat.com.br\/vittalitat\/loja\/rescue-night-gummies-framboesa-floral-de-bach-original-60-gomas\/\"]}]},{\"@type\":\"BreadcrumbList\",\"@id\":\"https:\/\/vittalitat.com.br\/vittalitat\/loja\/rescue-night-gummies-framboesa-floral-de-bach-original-60-gomas\/#breadcrumb\",\"itemListElement\":[{\"@type\":\"ListItem\",\"position\":1,\"name\":\"In\u00edcio\",\"item\":\"https:\/\/vittalitat.com.br\/vittalitat\/\"},{\"@type\":\"ListItem\",\"position\":2,\"name\":\"Produtos\",\"item\":\"https:\/\/vittalitat.com.br\/vittalitat\/shop\/\"},{\"@type\":\"ListItem\",\"position\":3,\"name\":\"Rescue Night Gummies Framboesa Floral de Bach Original (60 gomas)\"}]},{\"@type\":\"WebSite\",\"@id\":\"https:\/\/vittalitat.com.br\/vittalitat\/#website\",\"url\":\"https:\/\/vittalitat.com.br\/vittalitat\/\",\"name\":\"Vittalitat\",\"description\":\"Sa\u00fade, preven\u00e7\u00e3o e bem-estar\",\"publisher\":{\"@id\":\"https:\/\/vittalitat.com.br\/vittalitat\/#organization\"},\"potentialAction\":[{\"@type\":\"SearchAction\",\"target\":{\"@type\":\"EntryPoint\",\"urlTemplate\":\"https:\/\/vittalitat.com.br\/vittalitat\/?s={search_term_string}\"},\"query-input\":\"required name=search_term_string\"}],\"inLanguage\":\"pt-BR\"},{\"@type\":\"Organization\",\"@id\":\"https:\/\/vittalitat.com.br\/vittalitat\/#organization\",\"name\":\"Vittalitat\",\"url\":\"https:\/\/vittalitat.com.br\/vittalitat\/\",\"logo\":{\"@type\":\"ImageObject\",\"inLanguage\":\"pt-BR\",\"@id\":\"https:\/\/vittalitat.com.br\/vittalitat\/#\/schema\/logo\/image\/\",\"url\":\"https:\/\/vittalitat.com.br\/vittalitat\/wp-content\/uploads\/2020\/04\/logo-para-o-face.png\",\"contentUrl\":\"https:\/\/vittalitat.com.br\/vittalitat\/wp-content\/uploads\/2020\/04\/logo-para-o-face.png\",\"width\":700,\"height\":700,\"caption\":\"Vittalitat\"},\"image\":{\"@id\":\"https:\/\/vittalitat.com.br\/vittalitat\/#\/schema\/logo\/image\/\"},\"sameAs\":[\"https:\/\/www.facebook.com\/vittalitat\",\"https:\/\/www.instagram.com\/vittalitat\"]}]}<\/script>\n<!-- \/ Yoast SEO plugin. -->","yoast_head_json":{"title":"Rescue Night Gummies Framboesa Floral de Bach Original (60 gomas) - Vittalitat","description":"Rescue Night Gummies Framboesa Floral de Bach Original (60 gomas) - Vittalitat","robots":{"index":"index","follow":"follow","max-snippet":"max-snippet:-1","max-image-preview":"max-image-preview:large","max-video-preview":"max-video-preview:-1"},"canonical":"https:\/\/vittalitat.com.br\/vittalitat\/loja\/rescue-night-gummies-framboesa-floral-de-bach-original-60-gomas\/","og_locale":"pt_BR","og_type":"article","og_title":"Rescue Night Gummies Framboesa Floral de Bach Original (60 gomas) - Vittalitat","og_description":"Rescue Night Gummies Framboesa Floral de Bach Original (60 gomas) - Vittalitat","og_url":"https:\/\/vittalitat.com.br\/vittalitat\/loja\/rescue-night-gummies-framboesa-floral-de-bach-original-60-gomas\/","og_site_name":"Vittalitat","article_publisher":"https:\/\/www.facebook.com\/vittalitat","article_modified_time":"2025-05-02T19:07:30+00:00","og_image":[{"width":416,"height":416,"url":"https:\/\/vittalitat.com.br\/vittalitat\/wp-content\/uploads\/2024\/09\/Rescue-n.webp","type":"image\/webp"}],"twitter_card":"summary_large_image","twitter_misc":{"Est. tempo de leitura":"1 minuto"},"schema":{"@context":"https:\/\/schema.org","@graph":[{"@type":"WebPage","@id":"https:\/\/vittalitat.com.br\/vittalitat\/loja\/rescue-night-gummies-framboesa-floral-de-bach-original-60-gomas\/","url":"https:\/\/vittalitat.com.br\/vittalitat\/loja\/rescue-night-gummies-framboesa-floral-de-bach-original-60-gomas\/","name":"Rescue Night Gummies Framboesa Floral de Bach Original (60 gomas) - Vittalitat","isPartOf":{"@id":"https:\/\/vittalitat.com.br\/vittalitat\/#website"},"datePublished":"2024-09-26T19:17:16+00:00","dateModified":"2025-05-02T19:07:30+00:00","description":"Rescue Night Gummies Framboesa Floral de Bach Original (60 gomas) - Vittalitat","breadcrumb":{"@id":"https:\/\/vittalitat.com.br\/vittalitat\/loja\/rescue-night-gummies-framboesa-floral-de-bach-original-60-gomas\/#breadcrumb"},"inLanguage":"pt-BR","potentialAction":[{"@type":"ReadAction","target":["https:\/\/vittalitat.com.br\/vittalitat\/loja\/rescue-night-gummies-framboesa-floral-de-bach-original-60-gomas\/"]}]},{"@type":"BreadcrumbList","@id":"https:\/\/vittalitat.com.br\/vittalitat\/loja\/rescue-night-gummies-framboesa-floral-de-bach-original-60-gomas\/#breadcrumb","itemListElement":[{"@type":"ListItem","position":1,"name":"In\u00edcio","item":"https:\/\/vittalitat.com.br\/vittalitat\/"},{"@type":"ListItem","position":2,"name":"Produtos","item":"https:\/\/vittalitat.com.br\/vittalitat\/shop\/"},{"@type":"ListItem","position":3,"name":"Rescue Night Gummies Framboesa Floral de Bach Original (60 gomas)"}]},{"@type":"WebSite","@id":"https:\/\/vittalitat.com.br\/vittalitat\/#website","url":"https:\/\/vittalitat.com.br\/vittalitat\/","name":"Vittalitat","description":"Sa\u00fade, preven\u00e7\u00e3o e bem-estar","publisher":{"@id":"https:\/\/vittalitat.com.br\/vittalitat\/#organization"},"potentialAction":[{"@type":"SearchAction","target":{"@type":"EntryPoint","urlTemplate":"https:\/\/vittalitat.com.br\/vittalitat\/?s={search_term_string}"},"query-input":"required name=search_term_string"}],"inLanguage":"pt-BR"},{"@type":"Organization","@id":"https:\/\/vittalitat.com.br\/vittalitat\/#organization","name":"Vittalitat","url":"https:\/\/vittalitat.com.br\/vittalitat\/","logo":{"@type":"ImageObject","inLanguage":"pt-BR","@id":"https:\/\/vittalitat.com.br\/vittalitat\/#\/schema\/logo\/image\/","url":"https:\/\/vittalitat.com.br\/vittalitat\/wp-content\/uploads\/2020\/04\/logo-para-o-face.png","contentUrl":"https:\/\/vittalitat.com.br\/vittalitat\/wp-content\/uploads\/2020\/04\/logo-para-o-face.png","width":700,"height":700,"caption":"Vittalitat"},"image":{"@id":"https:\/\/vittalitat.com.br\/vittalitat\/#\/schema\/logo\/image\/"},"sameAs":["https:\/\/www.facebook.com\/vittalitat","https:\/\/www.instagram.com\/vittalitat"]}]}},"_links":{"self":[{"href":"https:\/\/vittalitat.com.br\/vittalitat\/wp-json\/wp\/v2\/product\/2660","targetHints":{"allow":["GET"]}}],"collection":[{"href":"https:\/\/vittalitat.com.br\/vittalitat\/wp-json\/wp\/v2\/product"}],"about":[{"href":"https:\/\/vittalitat.com.br\/vittalitat\/wp-json\/wp\/v2\/types\/product"}],"replies":[{"embeddable":true,"href":"https:\/\/vittalitat.com.br\/vittalitat\/wp-json\/wp\/v2\/comments?post=2660"}],"wp:featuredmedia":[{"embeddable":true,"href":"https:\/\/vittalitat.com.br\/vittalitat\/wp-json\/wp\/v2\/media\/2661"}],"wp:attachment":[{"href":"https:\/\/vittalitat.com.br\/vittalitat\/wp-json\/wp\/v2\/media?parent=2660"}],"wp:term":[{"taxonomy":"product_brand","embeddable":true,"href":"https:\/\/vittalitat.com.br\/vittalitat\/wp-json\/wp\/v2\/product_brand?post=2660"},{"taxonomy":"product_cat","embeddable":true,"href":"https:\/\/vittalitat.com.br\/vittalitat\/wp-json\/wp\/v2\/product_cat?post=2660"},{"taxonomy":"product_tag","embeddable":true,"href":"https:\/\/vittalitat.com.br\/vittalitat\/wp-json\/wp\/v2\/product_tag?post=2660"}],"curies":[{"name":"wp","href":"https:\/\/api.w.org\/{rel}","templated":true}]}}