{"id":2463,"date":"2024-04-18T14:11:26","date_gmt":"2024-04-18T17:11:26","guid":{"rendered":"https:\/\/vittalitat.com.br\/vittalitat\/?post_type=product&#038;p=2463"},"modified":"2026-03-26T16:57:59","modified_gmt":"2026-03-26T19:57:59","slug":"spirulina-750-comprimidos","status":"publish","type":"product","link":"https:\/\/vittalitat.com.br\/vittalitat\/loja\/spirulina-750-comprimidos\/","title":{"rendered":"Spirulina &#8211; 750 Comprimidos"},"content":{"rendered":"<div class=\"et_pb_module et_pb_text et_pb_text_0 et_pb_text_align_left et_pb_bg_layout_light\">\n<div class=\"et_pb_text_inner\">\n<h1>Spirulina Anew<\/h1>\n<\/div>\n<\/div>\n<div class=\"et_pb_module et_pb_image et_pb_image_2\"><span class=\"et_pb_image_wrap \"><img decoding=\"async\" class=\"wp-image-4059 ls-is-cached lazyloaded\" title=\"vegano\" src=\"https:\/\/i0.wp.com\/anew.com.br\/wp-content\/uploads\/2022\/05\/vegano.gif?resize=100%2C63&amp;ssl=1\" alt=\"vegano\" width=\"100\" height=\"63\" data-src=\"https:\/\/i0.wp.com\/anew.com.br\/wp-content\/uploads\/2022\/05\/vegano.gif?resize=100%2C63&amp;ssl=1\" \/><\/span><\/div>\n<div class=\"et_pb_module et_pb_text et_pb_text_1 et_pb_text_align_left et_pb_bg_layout_light\">\n<div class=\"et_pb_text_inner\">\n<p>A Spirulina Anew vai elevar a sua sa\u00fade a um novo patamar. Ela oferece todos os nutrientes essenciais que seu corpo precisa, ao mesmo tempo em que promove o detox de forma natural.<\/p>\n<p>O uso da Spirulina no dia-a-dia \u00e9 uma maneira simples e conveniente de dar ao seu corpo uma dose di\u00e1ria de vitalidade, al\u00e9m de ser um comprimido f\u00e1cil de tomar!<\/p>\n<h2>Composi\u00e7\u00e3o da Spirulina<\/h2>\n<p>A Spirulina \u00e9 composta por uma riqueza de nutrientes, incluindo prote\u00ednas, vitaminas, minerais e antioxidantes. Sua composi\u00e7\u00e3o \u00fanica \u00e9 o segredo por tr\u00e1s dos incr\u00edveis benef\u00edcios que ela oferece para a sa\u00fade.<\/p>\n<p><strong>Prote\u00edna:<\/strong>\u00a0A Spirulina Anew \u00e9 uma excelente fonte de prote\u00edna, essencial para a constru\u00e7\u00e3o e reparo dos tecidos do corpo.<\/p>\n<p><strong>Vitaminas:<\/strong>\u00a0Rica em vitaminas do complexo B, vitamina A, vitamina E e vitamina K, a Spirulina Anew ajuda a promover a sa\u00fade geral e o bem-estar.<\/p>\n<p><strong>Minerais:<\/strong>\u00a0Com uma variedade de minerais como ferro, c\u00e1lcio, magn\u00e9sio e zinco, a Spirulina Anew contribui para a sa\u00fade dos ossos, m\u00fasculos e sistema imunol\u00f3gico.<\/p>\n<p><strong>Antioxidantes:<\/strong>\u00a0A presen\u00e7a de antioxidantes como a ficocianina ajuda a combater os radicais livres, protegendo as c\u00e9lulas contra danos e promovendo a juventude e vitalidade.<\/p>\n<p>Com a Spirulina Anew, voc\u00ea pode experimentar uma s\u00e9rie de benef\u00edcios para a sa\u00fade, incluindo aumento da energia, suporte ao sistema imunol\u00f3gico, melhora da sa\u00fade da pele e dos olhos, e aux\u00edlio na perda de peso.<br \/>\n<img decoding=\"async\" src=\"https:\/\/i0.wp.com\/anew.com.br\/wp-content\/uploads\/2024\/04\/spirulina-anew-tabela-nutricional.png?resize=699%2C519&amp;ssl=1\" alt=\"spirulina-anew-tabela-nutricional\" \/><br \/>\n<strong>Apresenta\u00e7\u00e3o:<\/strong>\u00a0frascos com 200 comprimidos (80g) e 750 comprimidos (300 g).<\/p>\n<\/div>\n<\/div>\n","protected":false},"excerpt":{"rendered":"<h3>Spirulina Anew \u00e9 a escolha inteligente para uma vida equilibrada.<\/h3>\n","protected":false},"featured_media":2464,"comment_status":"open","ping_status":"closed","template":"","meta":{"_coblocks_attr":"","_coblocks_dimensions":"","_coblocks_responsive_height":"","_coblocks_accordion_ie_support":""},"product_brand":[],"product_cat":[27],"product_tag":[],"class_list":{"0":"post-2463","1":"product","2":"type-product","3":"status-publish","4":"has-post-thumbnail","6":"product_cat-anew","8":"first","9":"instock","10":"shipping-taxable","11":"purchasable","12":"product-type-simple"},"yoast_head":"<!-- This site is optimized with the Yoast SEO plugin v21.9.1 - https:\/\/yoast.com\/wordpress\/plugins\/seo\/ -->\n<title>Spirulina - 750 Comprimidos - Vittalitat<\/title>\n<meta name=\"description\" content=\"Spirulina - 750 Comprimidos - Vittalitat\" \/>\n<meta name=\"robots\" content=\"index, follow, max-snippet:-1, max-image-preview:large, max-video-preview:-1\" \/>\n<link rel=\"canonical\" href=\"https:\/\/vittalitat.com.br\/vittalitat\/loja\/spirulina-750-comprimidos\/\" \/>\n<meta property=\"og:locale\" content=\"pt_BR\" \/>\n<meta property=\"og:type\" content=\"article\" \/>\n<meta property=\"og:title\" content=\"Spirulina - 750 Comprimidos - Vittalitat\" \/>\n<meta property=\"og:description\" content=\"Spirulina - 750 Comprimidos - Vittalitat\" \/>\n<meta property=\"og:url\" content=\"https:\/\/vittalitat.com.br\/vittalitat\/loja\/spirulina-750-comprimidos\/\" \/>\n<meta property=\"og:site_name\" content=\"Vittalitat\" \/>\n<meta property=\"article:publisher\" content=\"https:\/\/www.facebook.com\/vittalitat\" \/>\n<meta property=\"article:modified_time\" content=\"2026-03-26T19:57:59+00:00\" \/>\n<meta property=\"og:image\" content=\"https:\/\/vittalitat.com.br\/vittalitat\/wp-content\/uploads\/2024\/04\/Spirulina-750.jpg\" \/>\n\t<meta property=\"og:image:width\" content=\"319\" \/>\n\t<meta property=\"og:image:height\" content=\"711\" \/>\n\t<meta property=\"og:image:type\" content=\"image\/jpeg\" \/>\n<meta name=\"twitter:card\" content=\"summary_large_image\" \/>\n<meta name=\"twitter:label1\" content=\"Est. tempo de leitura\" \/>\n\t<meta name=\"twitter:data1\" content=\"2 minutos\" \/>\n<script type=\"application\/ld+json\" class=\"yoast-schema-graph\">{\"@context\":\"https:\/\/schema.org\",\"@graph\":[{\"@type\":\"WebPage\",\"@id\":\"https:\/\/vittalitat.com.br\/vittalitat\/loja\/spirulina-750-comprimidos\/\",\"url\":\"https:\/\/vittalitat.com.br\/vittalitat\/loja\/spirulina-750-comprimidos\/\",\"name\":\"Spirulina - 750 Comprimidos - Vittalitat\",\"isPartOf\":{\"@id\":\"https:\/\/vittalitat.com.br\/vittalitat\/#website\"},\"datePublished\":\"2024-04-18T17:11:26+00:00\",\"dateModified\":\"2026-03-26T19:57:59+00:00\",\"description\":\"Spirulina - 750 Comprimidos - Vittalitat\",\"breadcrumb\":{\"@id\":\"https:\/\/vittalitat.com.br\/vittalitat\/loja\/spirulina-750-comprimidos\/#breadcrumb\"},\"inLanguage\":\"pt-BR\",\"potentialAction\":[{\"@type\":\"ReadAction\",\"target\":[\"https:\/\/vittalitat.com.br\/vittalitat\/loja\/spirulina-750-comprimidos\/\"]}]},{\"@type\":\"BreadcrumbList\",\"@id\":\"https:\/\/vittalitat.com.br\/vittalitat\/loja\/spirulina-750-comprimidos\/#breadcrumb\",\"itemListElement\":[{\"@type\":\"ListItem\",\"position\":1,\"name\":\"In\u00edcio\",\"item\":\"https:\/\/vittalitat.com.br\/vittalitat\/\"},{\"@type\":\"ListItem\",\"position\":2,\"name\":\"Produtos\",\"item\":\"https:\/\/vittalitat.com.br\/vittalitat\/shop\/\"},{\"@type\":\"ListItem\",\"position\":3,\"name\":\"Spirulina &#8211; 750 Comprimidos\"}]},{\"@type\":\"WebSite\",\"@id\":\"https:\/\/vittalitat.com.br\/vittalitat\/#website\",\"url\":\"https:\/\/vittalitat.com.br\/vittalitat\/\",\"name\":\"Vittalitat\",\"description\":\"Sa\u00fade, preven\u00e7\u00e3o e bem-estar\",\"publisher\":{\"@id\":\"https:\/\/vittalitat.com.br\/vittalitat\/#organization\"},\"potentialAction\":[{\"@type\":\"SearchAction\",\"target\":{\"@type\":\"EntryPoint\",\"urlTemplate\":\"https:\/\/vittalitat.com.br\/vittalitat\/?s={search_term_string}\"},\"query-input\":\"required name=search_term_string\"}],\"inLanguage\":\"pt-BR\"},{\"@type\":\"Organization\",\"@id\":\"https:\/\/vittalitat.com.br\/vittalitat\/#organization\",\"name\":\"Vittalitat\",\"url\":\"https:\/\/vittalitat.com.br\/vittalitat\/\",\"logo\":{\"@type\":\"ImageObject\",\"inLanguage\":\"pt-BR\",\"@id\":\"https:\/\/vittalitat.com.br\/vittalitat\/#\/schema\/logo\/image\/\",\"url\":\"https:\/\/vittalitat.com.br\/vittalitat\/wp-content\/uploads\/2020\/04\/logo-para-o-face.png\",\"contentUrl\":\"https:\/\/vittalitat.com.br\/vittalitat\/wp-content\/uploads\/2020\/04\/logo-para-o-face.png\",\"width\":700,\"height\":700,\"caption\":\"Vittalitat\"},\"image\":{\"@id\":\"https:\/\/vittalitat.com.br\/vittalitat\/#\/schema\/logo\/image\/\"},\"sameAs\":[\"https:\/\/www.facebook.com\/vittalitat\",\"https:\/\/www.instagram.com\/vittalitat\"]}]}<\/script>\n<!-- \/ Yoast SEO plugin. -->","yoast_head_json":{"title":"Spirulina - 750 Comprimidos - Vittalitat","description":"Spirulina - 750 Comprimidos - Vittalitat","robots":{"index":"index","follow":"follow","max-snippet":"max-snippet:-1","max-image-preview":"max-image-preview:large","max-video-preview":"max-video-preview:-1"},"canonical":"https:\/\/vittalitat.com.br\/vittalitat\/loja\/spirulina-750-comprimidos\/","og_locale":"pt_BR","og_type":"article","og_title":"Spirulina - 750 Comprimidos - Vittalitat","og_description":"Spirulina - 750 Comprimidos - Vittalitat","og_url":"https:\/\/vittalitat.com.br\/vittalitat\/loja\/spirulina-750-comprimidos\/","og_site_name":"Vittalitat","article_publisher":"https:\/\/www.facebook.com\/vittalitat","article_modified_time":"2026-03-26T19:57:59+00:00","og_image":[{"width":319,"height":711,"url":"https:\/\/vittalitat.com.br\/vittalitat\/wp-content\/uploads\/2024\/04\/Spirulina-750.jpg","type":"image\/jpeg"}],"twitter_card":"summary_large_image","twitter_misc":{"Est. tempo de leitura":"2 minutos"},"schema":{"@context":"https:\/\/schema.org","@graph":[{"@type":"WebPage","@id":"https:\/\/vittalitat.com.br\/vittalitat\/loja\/spirulina-750-comprimidos\/","url":"https:\/\/vittalitat.com.br\/vittalitat\/loja\/spirulina-750-comprimidos\/","name":"Spirulina - 750 Comprimidos - Vittalitat","isPartOf":{"@id":"https:\/\/vittalitat.com.br\/vittalitat\/#website"},"datePublished":"2024-04-18T17:11:26+00:00","dateModified":"2026-03-26T19:57:59+00:00","description":"Spirulina - 750 Comprimidos - Vittalitat","breadcrumb":{"@id":"https:\/\/vittalitat.com.br\/vittalitat\/loja\/spirulina-750-comprimidos\/#breadcrumb"},"inLanguage":"pt-BR","potentialAction":[{"@type":"ReadAction","target":["https:\/\/vittalitat.com.br\/vittalitat\/loja\/spirulina-750-comprimidos\/"]}]},{"@type":"BreadcrumbList","@id":"https:\/\/vittalitat.com.br\/vittalitat\/loja\/spirulina-750-comprimidos\/#breadcrumb","itemListElement":[{"@type":"ListItem","position":1,"name":"In\u00edcio","item":"https:\/\/vittalitat.com.br\/vittalitat\/"},{"@type":"ListItem","position":2,"name":"Produtos","item":"https:\/\/vittalitat.com.br\/vittalitat\/shop\/"},{"@type":"ListItem","position":3,"name":"Spirulina &#8211; 750 Comprimidos"}]},{"@type":"WebSite","@id":"https:\/\/vittalitat.com.br\/vittalitat\/#website","url":"https:\/\/vittalitat.com.br\/vittalitat\/","name":"Vittalitat","description":"Sa\u00fade, preven\u00e7\u00e3o e bem-estar","publisher":{"@id":"https:\/\/vittalitat.com.br\/vittalitat\/#organization"},"potentialAction":[{"@type":"SearchAction","target":{"@type":"EntryPoint","urlTemplate":"https:\/\/vittalitat.com.br\/vittalitat\/?s={search_term_string}"},"query-input":"required name=search_term_string"}],"inLanguage":"pt-BR"},{"@type":"Organization","@id":"https:\/\/vittalitat.com.br\/vittalitat\/#organization","name":"Vittalitat","url":"https:\/\/vittalitat.com.br\/vittalitat\/","logo":{"@type":"ImageObject","inLanguage":"pt-BR","@id":"https:\/\/vittalitat.com.br\/vittalitat\/#\/schema\/logo\/image\/","url":"https:\/\/vittalitat.com.br\/vittalitat\/wp-content\/uploads\/2020\/04\/logo-para-o-face.png","contentUrl":"https:\/\/vittalitat.com.br\/vittalitat\/wp-content\/uploads\/2020\/04\/logo-para-o-face.png","width":700,"height":700,"caption":"Vittalitat"},"image":{"@id":"https:\/\/vittalitat.com.br\/vittalitat\/#\/schema\/logo\/image\/"},"sameAs":["https:\/\/www.facebook.com\/vittalitat","https:\/\/www.instagram.com\/vittalitat"]}]}},"_links":{"self":[{"href":"https:\/\/vittalitat.com.br\/vittalitat\/wp-json\/wp\/v2\/product\/2463","targetHints":{"allow":["GET"]}}],"collection":[{"href":"https:\/\/vittalitat.com.br\/vittalitat\/wp-json\/wp\/v2\/product"}],"about":[{"href":"https:\/\/vittalitat.com.br\/vittalitat\/wp-json\/wp\/v2\/types\/product"}],"replies":[{"embeddable":true,"href":"https:\/\/vittalitat.com.br\/vittalitat\/wp-json\/wp\/v2\/comments?post=2463"}],"wp:featuredmedia":[{"embeddable":true,"href":"https:\/\/vittalitat.com.br\/vittalitat\/wp-json\/wp\/v2\/media\/2464"}],"wp:attachment":[{"href":"https:\/\/vittalitat.com.br\/vittalitat\/wp-json\/wp\/v2\/media?parent=2463"}],"wp:term":[{"taxonomy":"product_brand","embeddable":true,"href":"https:\/\/vittalitat.com.br\/vittalitat\/wp-json\/wp\/v2\/product_brand?post=2463"},{"taxonomy":"product_cat","embeddable":true,"href":"https:\/\/vittalitat.com.br\/vittalitat\/wp-json\/wp\/v2\/product_cat?post=2463"},{"taxonomy":"product_tag","embeddable":true,"href":"https:\/\/vittalitat.com.br\/vittalitat\/wp-json\/wp\/v2\/product_tag?post=2463"}],"curies":[{"name":"wp","href":"https:\/\/api.w.org\/{rel}","templated":true}]}}