{"id":1971,"date":"2023-04-20T17:23:36","date_gmt":"2023-04-20T20:23:36","guid":{"rendered":"https:\/\/vittalitat.com.br\/vittalitat\/?post_type=product&#038;p=1971"},"modified":"2026-04-23T14:30:24","modified_gmt":"2026-04-23T17:30:24","slug":"tcm-original-oleo-de-coco-concentrado","status":"publish","type":"product","link":"https:\/\/vittalitat.com.br\/vittalitat\/loja\/tcm-original-oleo-de-coco-concentrado\/","title":{"rendered":"TCM ORIGINAL \u00d3LEO DE COCO CONCENTRADO 250ml"},"content":{"rendered":"<h4>Os Triglicer\u00eddeos de Cadeia M\u00e9dia (TCM) \u00e9 uma classe especial de gorduras biodispon\u00edveis, as quais s\u00e3o metabolizadas com maior facilidade e velocidade no organismo.<br \/>\nO TCM Original IAO (Triglicer\u00eddeos de Cadeia M\u00e9dia) \u00e9 extra\u00eddo e isolado do \u00f3leo de coco, rico em \u00e1cidos graxos Capr\u00edlico C8 (60%) e C\u00e1prico C10 (40%), que auxiliam no aumento dos n\u00edveis de energia f\u00edsica e mental, sem despertar a glicemia.<br \/>\nAl\u00e9m do fornecimento de energia r\u00e1pida, seus metab\u00f3litos (corpos cet\u00f4nicos), promovem maior sensa\u00e7\u00e3o de saciedade, efeito termog\u00eanico e resist\u00eancia f\u00edsica.<br \/>\n<img fetchpriority=\"high\" decoding=\"async\" class=\"alignnone wp-image-1973\" src=\"https:\/\/vittalitat.com.br\/vittalitat\/wp-content\/uploads\/2023\/04\/tcm--280x300.jpg\" alt=\"\" width=\"505\" height=\"541\" srcset=\"https:\/\/vittalitat.com.br\/vittalitat\/wp-content\/uploads\/2023\/04\/tcm--280x300.jpg 280w, https:\/\/vittalitat.com.br\/vittalitat\/wp-content\/uploads\/2023\/04\/tcm--416x445.jpg 416w, https:\/\/vittalitat.com.br\/vittalitat\/wp-content\/uploads\/2023\/04\/tcm-.jpg 567w\" sizes=\"(max-width: 505px) 100vw, 505px\" \/><\/h4>\n","protected":false},"excerpt":{"rendered":"<p>O TCM \u00e9 uma fonte de energia que possui r\u00e1pida absor\u00e7\u00e3o e longa dura\u00e7\u00e3o. Ideal para dietas Lowcarb e Cetog\u00eanica.<br \/>\nLeve, saud\u00e1vel e de sabor neutro. De 1-2 colheres de sopa ao dia, \u00e9 ideal para quem busca boas fontes de energia.<\/p>\n<p><strong>Benef\u00edcios:<\/strong><br \/>\n\u2022 7x Mais Concentradodo que o \u00d3leo de Coco;<br \/>\n\u2022 Sem Sabor \/ Cheiro;<br \/>\n\u2022 Fonte de \u00c1cidos Graxos;<br \/>\n\u2022 T\u00f4nico Cerebral;<br \/>\n\u2022 Acelera Metabolismo;<br \/>\n\u2022 \u00d3tima Fonte de Gordura Bio-Dispon\u00edvel;<br \/>\n\u2022 Ajuda no Controle da Glicemia;<br \/>\n\u2022 Energia Imediata e Duradoura;<br \/>\n\u2022 Aumenta a Saciedade.<\/p>\n<p>*** N\u00c3O CONT\u00c9M GL\u00daTEN ***<br \/>\n*** N\u00c3O CONT\u00c9M LACTOSE ***<br \/>\n*** N\u00c3O CONT\u00c9M ADO\u00c7ANTES ***<br \/>\n*** N\u00c3O CONT\u00c9M AROMATIZANTES ***<br \/>\n*** N\u00c3O CONT\u00c9M CORANTES ***<br \/>\n*** N\u00c3O CONT\u00c9M SOLVENTES ***<\/p>\n","protected":false},"featured_media":1972,"comment_status":"open","ping_status":"closed","template":"","meta":{"_coblocks_attr":"","_coblocks_dimensions":"","_coblocks_responsive_height":"","_coblocks_accordion_ie_support":""},"product_brand":[],"product_cat":[15,45],"product_tag":[93],"class_list":{"0":"post-1971","1":"product","2":"type-product","3":"status-publish","4":"has-post-thumbnail","6":"product_cat-15","7":"product_cat-mercearia","8":"product_tag-produto-concentrado-fonte-oleo-de-coco","10":"first","11":"instock","12":"shipping-taxable","13":"purchasable","14":"product-type-simple"},"yoast_head":"<!-- This site is optimized with the Yoast SEO plugin v21.9.1 - https:\/\/yoast.com\/wordpress\/plugins\/seo\/ -->\n<title>TCM ORIGINAL \u00d3LEO DE COCO CONCENTRADO 250ml - Vittalitat<\/title>\n<meta name=\"description\" content=\"TCM ORIGINAL \u00d3LEO DE COCO CONCENTRADO 250ml - Vittalitat\" \/>\n<meta name=\"robots\" content=\"index, follow, max-snippet:-1, max-image-preview:large, max-video-preview:-1\" \/>\n<link rel=\"canonical\" href=\"https:\/\/vittalitat.com.br\/vittalitat\/loja\/tcm-original-oleo-de-coco-concentrado\/\" \/>\n<meta property=\"og:locale\" content=\"pt_BR\" \/>\n<meta property=\"og:type\" content=\"article\" \/>\n<meta property=\"og:title\" content=\"TCM ORIGINAL \u00d3LEO DE COCO CONCENTRADO 250ml - Vittalitat\" \/>\n<meta property=\"og:description\" content=\"TCM ORIGINAL \u00d3LEO DE COCO CONCENTRADO 250ml - Vittalitat\" \/>\n<meta property=\"og:url\" content=\"https:\/\/vittalitat.com.br\/vittalitat\/loja\/tcm-original-oleo-de-coco-concentrado\/\" \/>\n<meta property=\"og:site_name\" content=\"Vittalitat\" \/>\n<meta property=\"article:publisher\" content=\"https:\/\/www.facebook.com\/vittalitat\" \/>\n<meta property=\"article:modified_time\" content=\"2026-04-23T17:30:24+00:00\" \/>\n<meta property=\"og:image\" content=\"https:\/\/vittalitat.com.br\/vittalitat\/wp-content\/uploads\/2023\/04\/TCM.jpg\" \/>\n\t<meta property=\"og:image:width\" content=\"920\" \/>\n\t<meta property=\"og:image:height\" content=\"920\" \/>\n\t<meta property=\"og:image:type\" content=\"image\/jpeg\" \/>\n<meta name=\"twitter:card\" content=\"summary_large_image\" \/>\n<meta name=\"twitter:label1\" content=\"Est. tempo de leitura\" \/>\n\t<meta name=\"twitter:data1\" content=\"1 minuto\" \/>\n<script type=\"application\/ld+json\" class=\"yoast-schema-graph\">{\"@context\":\"https:\/\/schema.org\",\"@graph\":[{\"@type\":\"WebPage\",\"@id\":\"https:\/\/vittalitat.com.br\/vittalitat\/loja\/tcm-original-oleo-de-coco-concentrado\/\",\"url\":\"https:\/\/vittalitat.com.br\/vittalitat\/loja\/tcm-original-oleo-de-coco-concentrado\/\",\"name\":\"TCM ORIGINAL \u00d3LEO DE COCO CONCENTRADO 250ml - Vittalitat\",\"isPartOf\":{\"@id\":\"https:\/\/vittalitat.com.br\/vittalitat\/#website\"},\"datePublished\":\"2023-04-20T20:23:36+00:00\",\"dateModified\":\"2026-04-23T17:30:24+00:00\",\"description\":\"TCM ORIGINAL \u00d3LEO DE COCO CONCENTRADO 250ml - Vittalitat\",\"breadcrumb\":{\"@id\":\"https:\/\/vittalitat.com.br\/vittalitat\/loja\/tcm-original-oleo-de-coco-concentrado\/#breadcrumb\"},\"inLanguage\":\"pt-BR\",\"potentialAction\":[{\"@type\":\"ReadAction\",\"target\":[\"https:\/\/vittalitat.com.br\/vittalitat\/loja\/tcm-original-oleo-de-coco-concentrado\/\"]}]},{\"@type\":\"BreadcrumbList\",\"@id\":\"https:\/\/vittalitat.com.br\/vittalitat\/loja\/tcm-original-oleo-de-coco-concentrado\/#breadcrumb\",\"itemListElement\":[{\"@type\":\"ListItem\",\"position\":1,\"name\":\"In\u00edcio\",\"item\":\"https:\/\/vittalitat.com.br\/vittalitat\/\"},{\"@type\":\"ListItem\",\"position\":2,\"name\":\"Produtos\",\"item\":\"https:\/\/vittalitat.com.br\/vittalitat\/shop\/\"},{\"@type\":\"ListItem\",\"position\":3,\"name\":\"TCM ORIGINAL \u00d3LEO DE COCO CONCENTRADO 250ml\"}]},{\"@type\":\"WebSite\",\"@id\":\"https:\/\/vittalitat.com.br\/vittalitat\/#website\",\"url\":\"https:\/\/vittalitat.com.br\/vittalitat\/\",\"name\":\"Vittalitat\",\"description\":\"Sa\u00fade, preven\u00e7\u00e3o e bem-estar\",\"publisher\":{\"@id\":\"https:\/\/vittalitat.com.br\/vittalitat\/#organization\"},\"potentialAction\":[{\"@type\":\"SearchAction\",\"target\":{\"@type\":\"EntryPoint\",\"urlTemplate\":\"https:\/\/vittalitat.com.br\/vittalitat\/?s={search_term_string}\"},\"query-input\":\"required name=search_term_string\"}],\"inLanguage\":\"pt-BR\"},{\"@type\":\"Organization\",\"@id\":\"https:\/\/vittalitat.com.br\/vittalitat\/#organization\",\"name\":\"Vittalitat\",\"url\":\"https:\/\/vittalitat.com.br\/vittalitat\/\",\"logo\":{\"@type\":\"ImageObject\",\"inLanguage\":\"pt-BR\",\"@id\":\"https:\/\/vittalitat.com.br\/vittalitat\/#\/schema\/logo\/image\/\",\"url\":\"https:\/\/vittalitat.com.br\/vittalitat\/wp-content\/uploads\/2020\/04\/logo-para-o-face.png\",\"contentUrl\":\"https:\/\/vittalitat.com.br\/vittalitat\/wp-content\/uploads\/2020\/04\/logo-para-o-face.png\",\"width\":700,\"height\":700,\"caption\":\"Vittalitat\"},\"image\":{\"@id\":\"https:\/\/vittalitat.com.br\/vittalitat\/#\/schema\/logo\/image\/\"},\"sameAs\":[\"https:\/\/www.facebook.com\/vittalitat\",\"https:\/\/www.instagram.com\/vittalitat\"]}]}<\/script>\n<!-- \/ Yoast SEO plugin. -->","yoast_head_json":{"title":"TCM ORIGINAL \u00d3LEO DE COCO CONCENTRADO 250ml - Vittalitat","description":"TCM ORIGINAL \u00d3LEO DE COCO CONCENTRADO 250ml - Vittalitat","robots":{"index":"index","follow":"follow","max-snippet":"max-snippet:-1","max-image-preview":"max-image-preview:large","max-video-preview":"max-video-preview:-1"},"canonical":"https:\/\/vittalitat.com.br\/vittalitat\/loja\/tcm-original-oleo-de-coco-concentrado\/","og_locale":"pt_BR","og_type":"article","og_title":"TCM ORIGINAL \u00d3LEO DE COCO CONCENTRADO 250ml - Vittalitat","og_description":"TCM ORIGINAL \u00d3LEO DE COCO CONCENTRADO 250ml - Vittalitat","og_url":"https:\/\/vittalitat.com.br\/vittalitat\/loja\/tcm-original-oleo-de-coco-concentrado\/","og_site_name":"Vittalitat","article_publisher":"https:\/\/www.facebook.com\/vittalitat","article_modified_time":"2026-04-23T17:30:24+00:00","og_image":[{"width":920,"height":920,"url":"https:\/\/vittalitat.com.br\/vittalitat\/wp-content\/uploads\/2023\/04\/TCM.jpg","type":"image\/jpeg"}],"twitter_card":"summary_large_image","twitter_misc":{"Est. tempo de leitura":"1 minuto"},"schema":{"@context":"https:\/\/schema.org","@graph":[{"@type":"WebPage","@id":"https:\/\/vittalitat.com.br\/vittalitat\/loja\/tcm-original-oleo-de-coco-concentrado\/","url":"https:\/\/vittalitat.com.br\/vittalitat\/loja\/tcm-original-oleo-de-coco-concentrado\/","name":"TCM ORIGINAL \u00d3LEO DE COCO CONCENTRADO 250ml - Vittalitat","isPartOf":{"@id":"https:\/\/vittalitat.com.br\/vittalitat\/#website"},"datePublished":"2023-04-20T20:23:36+00:00","dateModified":"2026-04-23T17:30:24+00:00","description":"TCM ORIGINAL \u00d3LEO DE COCO CONCENTRADO 250ml - Vittalitat","breadcrumb":{"@id":"https:\/\/vittalitat.com.br\/vittalitat\/loja\/tcm-original-oleo-de-coco-concentrado\/#breadcrumb"},"inLanguage":"pt-BR","potentialAction":[{"@type":"ReadAction","target":["https:\/\/vittalitat.com.br\/vittalitat\/loja\/tcm-original-oleo-de-coco-concentrado\/"]}]},{"@type":"BreadcrumbList","@id":"https:\/\/vittalitat.com.br\/vittalitat\/loja\/tcm-original-oleo-de-coco-concentrado\/#breadcrumb","itemListElement":[{"@type":"ListItem","position":1,"name":"In\u00edcio","item":"https:\/\/vittalitat.com.br\/vittalitat\/"},{"@type":"ListItem","position":2,"name":"Produtos","item":"https:\/\/vittalitat.com.br\/vittalitat\/shop\/"},{"@type":"ListItem","position":3,"name":"TCM ORIGINAL \u00d3LEO DE COCO CONCENTRADO 250ml"}]},{"@type":"WebSite","@id":"https:\/\/vittalitat.com.br\/vittalitat\/#website","url":"https:\/\/vittalitat.com.br\/vittalitat\/","name":"Vittalitat","description":"Sa\u00fade, preven\u00e7\u00e3o e bem-estar","publisher":{"@id":"https:\/\/vittalitat.com.br\/vittalitat\/#organization"},"potentialAction":[{"@type":"SearchAction","target":{"@type":"EntryPoint","urlTemplate":"https:\/\/vittalitat.com.br\/vittalitat\/?s={search_term_string}"},"query-input":"required name=search_term_string"}],"inLanguage":"pt-BR"},{"@type":"Organization","@id":"https:\/\/vittalitat.com.br\/vittalitat\/#organization","name":"Vittalitat","url":"https:\/\/vittalitat.com.br\/vittalitat\/","logo":{"@type":"ImageObject","inLanguage":"pt-BR","@id":"https:\/\/vittalitat.com.br\/vittalitat\/#\/schema\/logo\/image\/","url":"https:\/\/vittalitat.com.br\/vittalitat\/wp-content\/uploads\/2020\/04\/logo-para-o-face.png","contentUrl":"https:\/\/vittalitat.com.br\/vittalitat\/wp-content\/uploads\/2020\/04\/logo-para-o-face.png","width":700,"height":700,"caption":"Vittalitat"},"image":{"@id":"https:\/\/vittalitat.com.br\/vittalitat\/#\/schema\/logo\/image\/"},"sameAs":["https:\/\/www.facebook.com\/vittalitat","https:\/\/www.instagram.com\/vittalitat"]}]}},"_links":{"self":[{"href":"https:\/\/vittalitat.com.br\/vittalitat\/wp-json\/wp\/v2\/product\/1971","targetHints":{"allow":["GET"]}}],"collection":[{"href":"https:\/\/vittalitat.com.br\/vittalitat\/wp-json\/wp\/v2\/product"}],"about":[{"href":"https:\/\/vittalitat.com.br\/vittalitat\/wp-json\/wp\/v2\/types\/product"}],"replies":[{"embeddable":true,"href":"https:\/\/vittalitat.com.br\/vittalitat\/wp-json\/wp\/v2\/comments?post=1971"}],"wp:featuredmedia":[{"embeddable":true,"href":"https:\/\/vittalitat.com.br\/vittalitat\/wp-json\/wp\/v2\/media\/1972"}],"wp:attachment":[{"href":"https:\/\/vittalitat.com.br\/vittalitat\/wp-json\/wp\/v2\/media?parent=1971"}],"wp:term":[{"taxonomy":"product_brand","embeddable":true,"href":"https:\/\/vittalitat.com.br\/vittalitat\/wp-json\/wp\/v2\/product_brand?post=1971"},{"taxonomy":"product_cat","embeddable":true,"href":"https:\/\/vittalitat.com.br\/vittalitat\/wp-json\/wp\/v2\/product_cat?post=1971"},{"taxonomy":"product_tag","embeddable":true,"href":"https:\/\/vittalitat.com.br\/vittalitat\/wp-json\/wp\/v2\/product_tag?post=1971"}],"curies":[{"name":"wp","href":"https:\/\/api.w.org\/{rel}","templated":true}]}}