{"id":1968,"date":"2023-04-20T13:21:06","date_gmt":"2023-04-20T16:21:06","guid":{"rendered":"https:\/\/vittalitat.com.br\/vittalitat\/?post_type=product&#038;p=1968"},"modified":"2025-12-29T12:13:36","modified_gmt":"2025-12-29T15:13:36","slug":"curcumina-anew-60-caps-40mg","status":"publish","type":"product","link":"https:\/\/vittalitat.com.br\/vittalitat\/loja\/curcumina-anew-60-caps-40mg\/","title":{"rendered":"Curcumina Anew 60 caps 40mg"},"content":{"rendered":"<p>A Curcumina Anew \u00e9 o suplemento que cont\u00e9m c\u00farcuma longa e extrato de rizomas de c\u00farcuma padronizada. S\u00e3o 40 mg de curcumina por c\u00e1psula.<\/p>\n<p>A curcumina \u00e9 o polifenol presente na c\u00farcuma, bastante conhecida e explorada no meio cient\u00edfico, principalmente nas Medicinas Tradicional Chinesa e Ayurv\u00e9dica.<\/p>\n<p>Pesquisas demonstraram que a curcumina possui efeito anti-inflamat\u00f3rio e antioxidante, auxilia no combate a neuro inflama\u00e7\u00e3o, ajuda a sensibilizar a insulina e por isso beneficia os diab\u00e9ticos. Contribui para a sa\u00fade cardiovascular, tem a\u00e7\u00e3o antimicrobiana e diversos outros benef\u00edcios<\/p>\n<p><strong>Sugest\u00e3o de consumo:<\/strong> ingerir uma c\u00e1psula, duas vezes ao dia<\/p>\n<p><img fetchpriority=\"high\" decoding=\"async\" class=\"alignnone wp-image-1967\" src=\"https:\/\/vittalitat.com.br\/vittalitat\/wp-content\/uploads\/2023\/04\/Capturar-curcumina-300x234.jpg\" alt=\"\" width=\"981\" height=\"765\" srcset=\"https:\/\/vittalitat.com.br\/vittalitat\/wp-content\/uploads\/2023\/04\/Capturar-curcumina-300x234.jpg 300w, https:\/\/vittalitat.com.br\/vittalitat\/wp-content\/uploads\/2023\/04\/Capturar-curcumina-1024x798.jpg 1024w, https:\/\/vittalitat.com.br\/vittalitat\/wp-content\/uploads\/2023\/04\/Capturar-curcumina-768x598.jpg 768w, https:\/\/vittalitat.com.br\/vittalitat\/wp-content\/uploads\/2023\/04\/Capturar-curcumina-416x324.jpg 416w, https:\/\/vittalitat.com.br\/vittalitat\/wp-content\/uploads\/2023\/04\/Capturar-curcumina.jpg 1055w\" sizes=\"(max-width: 981px) 100vw, 981px\" \/><\/p>\n","protected":false},"excerpt":{"rendered":"<p>Curcumina Anew \u00e9 o suplemento de C\u00farcuma em c\u00e1psulas vegetais, com alto poder anti-inflamat\u00f3rio e antioxidante.<\/p>\n","protected":false},"featured_media":1969,"comment_status":"open","ping_status":"closed","template":"","meta":{"_coblocks_attr":"","_coblocks_dimensions":"","_coblocks_responsive_height":"","_coblocks_accordion_ie_support":""},"product_brand":[],"product_cat":[15,27],"product_tag":[92],"class_list":{"0":"post-1968","1":"product","2":"type-product","3":"status-publish","4":"has-post-thumbnail","6":"product_cat-15","7":"product_cat-anew","8":"product_tag-anti-inflamatorio-e-antioxidante","10":"first","11":"instock","12":"shipping-taxable","13":"purchasable","14":"product-type-simple"},"yoast_head":"<!-- This site is optimized with the Yoast SEO plugin v21.9.1 - https:\/\/yoast.com\/wordpress\/plugins\/seo\/ -->\n<title>Curcumina Anew 60 caps 40mg - Vittalitat<\/title>\n<meta name=\"description\" content=\"Curcumina Anew 60 caps 40mg - Vittalitat\" \/>\n<meta name=\"robots\" content=\"index, follow, max-snippet:-1, max-image-preview:large, max-video-preview:-1\" \/>\n<link rel=\"canonical\" href=\"https:\/\/vittalitat.com.br\/vittalitat\/loja\/curcumina-anew-60-caps-40mg\/\" \/>\n<meta property=\"og:locale\" content=\"pt_BR\" \/>\n<meta property=\"og:type\" content=\"article\" \/>\n<meta property=\"og:title\" content=\"Curcumina Anew 60 caps 40mg - Vittalitat\" \/>\n<meta property=\"og:description\" content=\"Curcumina Anew 60 caps 40mg - Vittalitat\" \/>\n<meta property=\"og:url\" content=\"https:\/\/vittalitat.com.br\/vittalitat\/loja\/curcumina-anew-60-caps-40mg\/\" \/>\n<meta property=\"og:site_name\" content=\"Vittalitat\" \/>\n<meta property=\"article:publisher\" content=\"https:\/\/www.facebook.com\/vittalitat\" \/>\n<meta property=\"article:modified_time\" content=\"2025-12-29T15:13:36+00:00\" \/>\n<meta property=\"og:image\" content=\"https:\/\/vittalitat.com.br\/vittalitat\/wp-content\/uploads\/2023\/04\/Capturar-60c.jpg\" \/>\n\t<meta property=\"og:image:width\" content=\"378\" \/>\n\t<meta property=\"og:image:height\" content=\"507\" \/>\n\t<meta property=\"og:image:type\" content=\"image\/jpeg\" \/>\n<meta name=\"twitter:card\" content=\"summary_large_image\" \/>\n<meta name=\"twitter:label1\" content=\"Est. tempo de leitura\" \/>\n\t<meta name=\"twitter:data1\" content=\"1 minuto\" \/>\n<script type=\"application\/ld+json\" class=\"yoast-schema-graph\">{\"@context\":\"https:\/\/schema.org\",\"@graph\":[{\"@type\":\"WebPage\",\"@id\":\"https:\/\/vittalitat.com.br\/vittalitat\/loja\/curcumina-anew-60-caps-40mg\/\",\"url\":\"https:\/\/vittalitat.com.br\/vittalitat\/loja\/curcumina-anew-60-caps-40mg\/\",\"name\":\"Curcumina Anew 60 caps 40mg - Vittalitat\",\"isPartOf\":{\"@id\":\"https:\/\/vittalitat.com.br\/vittalitat\/#website\"},\"datePublished\":\"2023-04-20T16:21:06+00:00\",\"dateModified\":\"2025-12-29T15:13:36+00:00\",\"description\":\"Curcumina Anew 60 caps 40mg - Vittalitat\",\"breadcrumb\":{\"@id\":\"https:\/\/vittalitat.com.br\/vittalitat\/loja\/curcumina-anew-60-caps-40mg\/#breadcrumb\"},\"inLanguage\":\"pt-BR\",\"potentialAction\":[{\"@type\":\"ReadAction\",\"target\":[\"https:\/\/vittalitat.com.br\/vittalitat\/loja\/curcumina-anew-60-caps-40mg\/\"]}]},{\"@type\":\"BreadcrumbList\",\"@id\":\"https:\/\/vittalitat.com.br\/vittalitat\/loja\/curcumina-anew-60-caps-40mg\/#breadcrumb\",\"itemListElement\":[{\"@type\":\"ListItem\",\"position\":1,\"name\":\"In\u00edcio\",\"item\":\"https:\/\/vittalitat.com.br\/vittalitat\/\"},{\"@type\":\"ListItem\",\"position\":2,\"name\":\"Produtos\",\"item\":\"https:\/\/vittalitat.com.br\/vittalitat\/shop\/\"},{\"@type\":\"ListItem\",\"position\":3,\"name\":\"Curcumina Anew 60 caps 40mg\"}]},{\"@type\":\"WebSite\",\"@id\":\"https:\/\/vittalitat.com.br\/vittalitat\/#website\",\"url\":\"https:\/\/vittalitat.com.br\/vittalitat\/\",\"name\":\"Vittalitat\",\"description\":\"Sa\u00fade, preven\u00e7\u00e3o e bem-estar\",\"publisher\":{\"@id\":\"https:\/\/vittalitat.com.br\/vittalitat\/#organization\"},\"potentialAction\":[{\"@type\":\"SearchAction\",\"target\":{\"@type\":\"EntryPoint\",\"urlTemplate\":\"https:\/\/vittalitat.com.br\/vittalitat\/?s={search_term_string}\"},\"query-input\":\"required name=search_term_string\"}],\"inLanguage\":\"pt-BR\"},{\"@type\":\"Organization\",\"@id\":\"https:\/\/vittalitat.com.br\/vittalitat\/#organization\",\"name\":\"Vittalitat\",\"url\":\"https:\/\/vittalitat.com.br\/vittalitat\/\",\"logo\":{\"@type\":\"ImageObject\",\"inLanguage\":\"pt-BR\",\"@id\":\"https:\/\/vittalitat.com.br\/vittalitat\/#\/schema\/logo\/image\/\",\"url\":\"https:\/\/vittalitat.com.br\/vittalitat\/wp-content\/uploads\/2020\/04\/logo-para-o-face.png\",\"contentUrl\":\"https:\/\/vittalitat.com.br\/vittalitat\/wp-content\/uploads\/2020\/04\/logo-para-o-face.png\",\"width\":700,\"height\":700,\"caption\":\"Vittalitat\"},\"image\":{\"@id\":\"https:\/\/vittalitat.com.br\/vittalitat\/#\/schema\/logo\/image\/\"},\"sameAs\":[\"https:\/\/www.facebook.com\/vittalitat\",\"https:\/\/www.instagram.com\/vittalitat\"]}]}<\/script>\n<!-- \/ Yoast SEO plugin. -->","yoast_head_json":{"title":"Curcumina Anew 60 caps 40mg - Vittalitat","description":"Curcumina Anew 60 caps 40mg - Vittalitat","robots":{"index":"index","follow":"follow","max-snippet":"max-snippet:-1","max-image-preview":"max-image-preview:large","max-video-preview":"max-video-preview:-1"},"canonical":"https:\/\/vittalitat.com.br\/vittalitat\/loja\/curcumina-anew-60-caps-40mg\/","og_locale":"pt_BR","og_type":"article","og_title":"Curcumina Anew 60 caps 40mg - Vittalitat","og_description":"Curcumina Anew 60 caps 40mg - Vittalitat","og_url":"https:\/\/vittalitat.com.br\/vittalitat\/loja\/curcumina-anew-60-caps-40mg\/","og_site_name":"Vittalitat","article_publisher":"https:\/\/www.facebook.com\/vittalitat","article_modified_time":"2025-12-29T15:13:36+00:00","og_image":[{"width":378,"height":507,"url":"https:\/\/vittalitat.com.br\/vittalitat\/wp-content\/uploads\/2023\/04\/Capturar-60c.jpg","type":"image\/jpeg"}],"twitter_card":"summary_large_image","twitter_misc":{"Est. tempo de leitura":"1 minuto"},"schema":{"@context":"https:\/\/schema.org","@graph":[{"@type":"WebPage","@id":"https:\/\/vittalitat.com.br\/vittalitat\/loja\/curcumina-anew-60-caps-40mg\/","url":"https:\/\/vittalitat.com.br\/vittalitat\/loja\/curcumina-anew-60-caps-40mg\/","name":"Curcumina Anew 60 caps 40mg - Vittalitat","isPartOf":{"@id":"https:\/\/vittalitat.com.br\/vittalitat\/#website"},"datePublished":"2023-04-20T16:21:06+00:00","dateModified":"2025-12-29T15:13:36+00:00","description":"Curcumina Anew 60 caps 40mg - Vittalitat","breadcrumb":{"@id":"https:\/\/vittalitat.com.br\/vittalitat\/loja\/curcumina-anew-60-caps-40mg\/#breadcrumb"},"inLanguage":"pt-BR","potentialAction":[{"@type":"ReadAction","target":["https:\/\/vittalitat.com.br\/vittalitat\/loja\/curcumina-anew-60-caps-40mg\/"]}]},{"@type":"BreadcrumbList","@id":"https:\/\/vittalitat.com.br\/vittalitat\/loja\/curcumina-anew-60-caps-40mg\/#breadcrumb","itemListElement":[{"@type":"ListItem","position":1,"name":"In\u00edcio","item":"https:\/\/vittalitat.com.br\/vittalitat\/"},{"@type":"ListItem","position":2,"name":"Produtos","item":"https:\/\/vittalitat.com.br\/vittalitat\/shop\/"},{"@type":"ListItem","position":3,"name":"Curcumina Anew 60 caps 40mg"}]},{"@type":"WebSite","@id":"https:\/\/vittalitat.com.br\/vittalitat\/#website","url":"https:\/\/vittalitat.com.br\/vittalitat\/","name":"Vittalitat","description":"Sa\u00fade, preven\u00e7\u00e3o e bem-estar","publisher":{"@id":"https:\/\/vittalitat.com.br\/vittalitat\/#organization"},"potentialAction":[{"@type":"SearchAction","target":{"@type":"EntryPoint","urlTemplate":"https:\/\/vittalitat.com.br\/vittalitat\/?s={search_term_string}"},"query-input":"required name=search_term_string"}],"inLanguage":"pt-BR"},{"@type":"Organization","@id":"https:\/\/vittalitat.com.br\/vittalitat\/#organization","name":"Vittalitat","url":"https:\/\/vittalitat.com.br\/vittalitat\/","logo":{"@type":"ImageObject","inLanguage":"pt-BR","@id":"https:\/\/vittalitat.com.br\/vittalitat\/#\/schema\/logo\/image\/","url":"https:\/\/vittalitat.com.br\/vittalitat\/wp-content\/uploads\/2020\/04\/logo-para-o-face.png","contentUrl":"https:\/\/vittalitat.com.br\/vittalitat\/wp-content\/uploads\/2020\/04\/logo-para-o-face.png","width":700,"height":700,"caption":"Vittalitat"},"image":{"@id":"https:\/\/vittalitat.com.br\/vittalitat\/#\/schema\/logo\/image\/"},"sameAs":["https:\/\/www.facebook.com\/vittalitat","https:\/\/www.instagram.com\/vittalitat"]}]}},"_links":{"self":[{"href":"https:\/\/vittalitat.com.br\/vittalitat\/wp-json\/wp\/v2\/product\/1968","targetHints":{"allow":["GET"]}}],"collection":[{"href":"https:\/\/vittalitat.com.br\/vittalitat\/wp-json\/wp\/v2\/product"}],"about":[{"href":"https:\/\/vittalitat.com.br\/vittalitat\/wp-json\/wp\/v2\/types\/product"}],"replies":[{"embeddable":true,"href":"https:\/\/vittalitat.com.br\/vittalitat\/wp-json\/wp\/v2\/comments?post=1968"}],"wp:featuredmedia":[{"embeddable":true,"href":"https:\/\/vittalitat.com.br\/vittalitat\/wp-json\/wp\/v2\/media\/1969"}],"wp:attachment":[{"href":"https:\/\/vittalitat.com.br\/vittalitat\/wp-json\/wp\/v2\/media?parent=1968"}],"wp:term":[{"taxonomy":"product_brand","embeddable":true,"href":"https:\/\/vittalitat.com.br\/vittalitat\/wp-json\/wp\/v2\/product_brand?post=1968"},{"taxonomy":"product_cat","embeddable":true,"href":"https:\/\/vittalitat.com.br\/vittalitat\/wp-json\/wp\/v2\/product_cat?post=1968"},{"taxonomy":"product_tag","embeddable":true,"href":"https:\/\/vittalitat.com.br\/vittalitat\/wp-json\/wp\/v2\/product_tag?post=1968"}],"curies":[{"name":"wp","href":"https:\/\/api.w.org\/{rel}","templated":true}]}}