{"id":109,"date":"2020-04-29T16:45:39","date_gmt":"2020-04-29T19:45:39","guid":{"rendered":"http:\/\/vittalitat.com.br\/vittalitat\/?post_type=product&#038;p=109"},"modified":"2026-03-20T13:17:48","modified_gmt":"2026-03-20T16:17:48","slug":"omeganew-360","status":"publish","type":"product","link":"https:\/\/vittalitat.com.br\/vittalitat\/loja\/omeganew-360\/","title":{"rendered":"Omeganew &#8211; 360 C\u00e1psulas"},"content":{"rendered":"<div class=\"et_pb_module et_pb_text et_pb_text_0 et_pb_text_align_left et_pb_bg_layout_light\">\n<div class=\"et_pb_text_inner\">\n<p><strong>Fonte de \u00f4mega-3<\/strong><\/p>\n<p>Omeganew \u00e9 um suplemento nutricional produzido a partir do \u00f3leo de peixe (extra\u00eddo normalmente do atum e salm\u00e3o) rico em \u00f4mega 3, conjunto de \u00e1cidos graxos essenciais poli-insaturados que, se consumido diariamente e associado a uma alimenta\u00e7\u00e3o equilibrada e h\u00e1bitos de vida saud\u00e1veis, auxilia na manuten\u00e7\u00e3o de n\u00edveis saud\u00e1veis de triglicer\u00eddeos.<\/p>\n<p>&nbsp;<\/p>\n<\/div>\n<\/div>\n<div class=\"et_pb_module et_pb_image et_pb_image_0 et_pb_image_sticky\"><span class=\"et_pb_image_wrap \"><img fetchpriority=\"high\" decoding=\"async\" title=\"\" src=\"https:\/\/i2.wp.com\/anew.com.br\/wp-content\/uploads\/2018\/09\/Omeganew.jpg?w=1080&amp;ssl=1\" alt=\"\" width=\"492\" height=\"439\" \/><\/span><\/div>\n<div class=\"et_pb_module et_pb_text et_pb_text_1 et_pb_text_align_left et_pb_bg_layout_light\">\n<div class=\"et_pb_text_inner\">\n<h2><strong>Curiosidades<\/strong><\/h2>\n<p>A alimenta\u00e7\u00e3o dos esquim\u00f3s \u00e9 rica em gorduras e prote\u00ednas e pobre em fibras, carboidratos e vitamina C. Por conta disso, de acordo com estudos de nutri\u00e7\u00e3o, eles deveriam apresentar alta taxa de mortalidade ocasionada por doen\u00e7as vasculares. Eles, entretanto, apresentam \u00edndice quase nulo dessas doen\u00e7as. A grande diferen\u00e7a \u00e9 que esses moradores do Polo Norte t\u00eam alimenta\u00e7\u00e3o baseada em peixes, que possuem alto grau de \u00e1cidos graxos poli-insaturados da s\u00e9rie \u00f4mega3, capazes de diminuir a agrega\u00e7\u00e3o das plaquetas no sangue, tornando-o mais fluido.<\/p>\n<p>Ao ativar a circula\u00e7\u00e3o sangu\u00ednea, o \u00f4mega 3 ainda equilibra a temperatura do organismo nas baix\u00edssimas condi\u00e7\u00f5es clim\u00e1ticas do local.<\/p>\n<p>Conforme a Sociedade Brasileira de Cardiologia, as maiores amea\u00e7as para o cora\u00e7\u00e3o s\u00e3o: press\u00e3o alta, colesterol alto, sedentarismo, obesidade, cigarro e diabetes, que podem ser evitadas ou controladas por meio de h\u00e1bitos saud\u00e1veis como a pr\u00e1tica de atividades f\u00edsicas, alimenta\u00e7\u00e3o e complementa\u00e7\u00e3o alimentar adequadas.<\/p>\n<\/div>\n<\/div>\n<div class=\"et_pb_module et_pb_text et_pb_text_2 et_pb_text_align_left et_pb_bg_layout_light\">\n<div class=\"et_pb_text_inner\">\n<p><strong>Recomenda\u00e7\u00e3o de consumo:<\/strong>\u00a0Ingerir 4 a 7 c\u00e1psulas ao dia, antes das refei\u00e7\u00f5es.<\/p>\n<\/div>\n<\/div>\n<div class=\"et_pb_module et_pb_image et_pb_image_2\"><\/div>\n<div class=\"et_pb_module et_pb_text et_pb_text_3 et_pb_text_align_left et_pb_bg_layout_light\">\n<div class=\"et_pb_text_inner\">\n<table style=\"height: 859px\" width=\"625\">\n<tbody>\n<tr>\n<td colspan=\"3\"><strong>Informa\u00e7\u00e3o Nutricional<\/strong><br \/>\nPor\u00e7\u00e3o de 7 c\u00e1psulas (3,5 g)<\/td>\n<\/tr>\n<tr>\n<td colspan=\"2\">Quantidade por por\u00e7\u00e3o<\/td>\n<td>% VD (*)<\/td>\n<\/tr>\n<tr>\n<td>Valor energ\u00e9tico<\/td>\n<td>30 Kcal \u2013 126 kJ<\/td>\n<td>1,5%<\/td>\n<\/tr>\n<tr>\n<td>Gorduras totais<\/td>\n<td>3,5 g<\/td>\n<td>6%<\/td>\n<\/tr>\n<tr>\n<td>Gorduras Saturadas<\/td>\n<td>1 g<\/td>\n<td>4,5%<\/td>\n<\/tr>\n<tr>\n<td>Gorduras Trans<\/td>\n<td>0 g<\/td>\n<td>\u2014<\/td>\n<\/tr>\n<tr>\n<td>Gorduras Monoinsaturadas<\/td>\n<td>0 g<\/td>\n<td>0%<\/td>\n<\/tr>\n<tr>\n<td>Gorduras Polinsaturadas<\/td>\n<td>1,5 g<\/td>\n<td>0%<\/td>\n<\/tr>\n<tr>\n<td>EPA<\/td>\n<td>0,6 g<\/td>\n<td>**<\/td>\n<\/tr>\n<tr>\n<td>DHA<\/td>\n<td>0,4 g<\/td>\n<td>**<\/td>\n<\/tr>\n<tr>\n<td><\/td>\n<td><\/td>\n<td><\/td>\n<\/tr>\n<tr>\n<td colspan=\"3\">\u201cN\u00e3o cont\u00e9m quantidades significativas de Carboidratos, Prote\u00ednas, Fibras alimentares e s\u00f3dio.\u201d<\/td>\n<\/tr>\n<tr>\n<td colspan=\"3\">% Valores Di\u00e1rios com base em uma dieta de 2.000 kcal ou 8400 kJ.<br \/>\nSeus valores di\u00e1rios podem ser maiores ou menores dependendo de suas necessidades energ\u00e9ticas.<br \/>\n** Valores di\u00e1rios de refer\u00eancia n\u00e3o estabelecidos.<\/td>\n<\/tr>\n<\/tbody>\n<\/table>\n<\/div>\n<\/div>\n","protected":false},"excerpt":{"rendered":"<p>Omeganew \u00e9 um suplemento nutricional produzido a partir do \u00f3leo de peixe (extra\u00eddo normalmente do atum e salm\u00e3o) rico em \u00f4mega 3, conjunto de \u00e1cidos graxos essenciais poli-insaturados que, se consumido diariamente e associado a uma alimenta\u00e7\u00e3o equilibrada e h\u00e1bitos de vida saud\u00e1veis, auxilia na manuten\u00e7\u00e3o de n\u00edveis saud\u00e1veis de triglicer\u00eddeos.<\/p>\n","protected":false},"featured_media":291,"comment_status":"open","ping_status":"closed","template":"","meta":{"_coblocks_attr":"","_coblocks_dimensions":"","_coblocks_responsive_height":"","_coblocks_accordion_ie_support":""},"product_brand":[],"product_cat":[27,39],"product_tag":[41,40],"class_list":{"0":"post-109","1":"product","2":"type-product","3":"status-publish","4":"has-post-thumbnail","6":"product_cat-anew","7":"product_cat-omega-3","8":"product_tag-omega","9":"product_tag-omega3","11":"first","12":"instock","13":"shipping-taxable","14":"purchasable","15":"product-type-simple"},"yoast_head":"<!-- This site is optimized with the Yoast SEO plugin v21.9.1 - https:\/\/yoast.com\/wordpress\/plugins\/seo\/ -->\n<title>Omeganew - 360 C\u00e1psulas - Vittalitat<\/title>\n<meta name=\"description\" content=\"Omeganew \u00e9 um suplemento nutricional produzido a partir do \u00f3leo de peixe (extra\u00eddo normalmente do atum e salm\u00e3o) rico em \u00f4mega 3, conjunto de \u00e1cidos graxos essenciais poli-insaturados que, se consumido diariamente e associado a uma alimenta\u00e7\u00e3o equilibrada e h\u00e1bitos de vida saud\u00e1veis, auxilia na manuten\u00e7\u00e3o de n\u00edveis saud\u00e1veis de triglicer\u00eddeos.\" \/>\n<meta name=\"robots\" content=\"index, follow, max-snippet:-1, max-image-preview:large, max-video-preview:-1\" \/>\n<link rel=\"canonical\" href=\"https:\/\/vittalitat.com.br\/vittalitat\/loja\/omeganew-360\/\" \/>\n<meta property=\"og:locale\" content=\"pt_BR\" \/>\n<meta property=\"og:type\" content=\"article\" \/>\n<meta property=\"og:title\" content=\"Omeganew - 360 C\u00e1psulas - Vittalitat\" \/>\n<meta property=\"og:description\" content=\"Omeganew \u00e9 um suplemento nutricional produzido a partir do \u00f3leo de peixe (extra\u00eddo normalmente do atum e salm\u00e3o) rico em \u00f4mega 3, conjunto de \u00e1cidos graxos essenciais poli-insaturados que, se consumido diariamente e associado a uma alimenta\u00e7\u00e3o equilibrada e h\u00e1bitos de vida saud\u00e1veis, auxilia na manuten\u00e7\u00e3o de n\u00edveis saud\u00e1veis de triglicer\u00eddeos.\" \/>\n<meta property=\"og:url\" content=\"https:\/\/vittalitat.com.br\/vittalitat\/loja\/omeganew-360\/\" \/>\n<meta property=\"og:site_name\" content=\"Vittalitat\" \/>\n<meta property=\"article:publisher\" content=\"https:\/\/www.facebook.com\/vittalitat\" \/>\n<meta property=\"article:modified_time\" content=\"2026-03-20T16:17:48+00:00\" \/>\n<meta property=\"og:image\" content=\"https:\/\/vittalitat.com.br\/vittalitat\/wp-content\/uploads\/2020\/04\/Omeganew-360.jpg\" \/>\n\t<meta property=\"og:image:width\" content=\"1000\" \/>\n\t<meta property=\"og:image:height\" content=\"1000\" \/>\n\t<meta property=\"og:image:type\" content=\"image\/jpeg\" \/>\n<meta name=\"twitter:card\" content=\"summary_large_image\" \/>\n<meta name=\"twitter:label1\" content=\"Est. tempo de leitura\" \/>\n\t<meta name=\"twitter:data1\" content=\"2 minutos\" \/>\n<script type=\"application\/ld+json\" class=\"yoast-schema-graph\">{\"@context\":\"https:\/\/schema.org\",\"@graph\":[{\"@type\":\"WebPage\",\"@id\":\"https:\/\/vittalitat.com.br\/vittalitat\/loja\/omeganew-360\/\",\"url\":\"https:\/\/vittalitat.com.br\/vittalitat\/loja\/omeganew-360\/\",\"name\":\"Omeganew - 360 C\u00e1psulas - Vittalitat\",\"isPartOf\":{\"@id\":\"https:\/\/vittalitat.com.br\/vittalitat\/#website\"},\"datePublished\":\"2020-04-29T19:45:39+00:00\",\"dateModified\":\"2026-03-20T16:17:48+00:00\",\"description\":\"Omeganew \u00e9 um suplemento nutricional produzido a partir do \u00f3leo de peixe (extra\u00eddo normalmente do atum e salm\u00e3o) rico em \u00f4mega 3, conjunto de \u00e1cidos graxos essenciais poli-insaturados que, se consumido diariamente e associado a uma alimenta\u00e7\u00e3o equilibrada e h\u00e1bitos de vida saud\u00e1veis, auxilia na manuten\u00e7\u00e3o de n\u00edveis saud\u00e1veis de triglicer\u00eddeos.\",\"breadcrumb\":{\"@id\":\"https:\/\/vittalitat.com.br\/vittalitat\/loja\/omeganew-360\/#breadcrumb\"},\"inLanguage\":\"pt-BR\",\"potentialAction\":[{\"@type\":\"ReadAction\",\"target\":[\"https:\/\/vittalitat.com.br\/vittalitat\/loja\/omeganew-360\/\"]}]},{\"@type\":\"BreadcrumbList\",\"@id\":\"https:\/\/vittalitat.com.br\/vittalitat\/loja\/omeganew-360\/#breadcrumb\",\"itemListElement\":[{\"@type\":\"ListItem\",\"position\":1,\"name\":\"In\u00edcio\",\"item\":\"https:\/\/vittalitat.com.br\/vittalitat\/\"},{\"@type\":\"ListItem\",\"position\":2,\"name\":\"Produtos\",\"item\":\"https:\/\/vittalitat.com.br\/vittalitat\/shop\/\"},{\"@type\":\"ListItem\",\"position\":3,\"name\":\"Omeganew &#8211; 360 C\u00e1psulas\"}]},{\"@type\":\"WebSite\",\"@id\":\"https:\/\/vittalitat.com.br\/vittalitat\/#website\",\"url\":\"https:\/\/vittalitat.com.br\/vittalitat\/\",\"name\":\"Vittalitat\",\"description\":\"Sa\u00fade, preven\u00e7\u00e3o e bem-estar\",\"publisher\":{\"@id\":\"https:\/\/vittalitat.com.br\/vittalitat\/#organization\"},\"potentialAction\":[{\"@type\":\"SearchAction\",\"target\":{\"@type\":\"EntryPoint\",\"urlTemplate\":\"https:\/\/vittalitat.com.br\/vittalitat\/?s={search_term_string}\"},\"query-input\":\"required name=search_term_string\"}],\"inLanguage\":\"pt-BR\"},{\"@type\":\"Organization\",\"@id\":\"https:\/\/vittalitat.com.br\/vittalitat\/#organization\",\"name\":\"Vittalitat\",\"url\":\"https:\/\/vittalitat.com.br\/vittalitat\/\",\"logo\":{\"@type\":\"ImageObject\",\"inLanguage\":\"pt-BR\",\"@id\":\"https:\/\/vittalitat.com.br\/vittalitat\/#\/schema\/logo\/image\/\",\"url\":\"https:\/\/vittalitat.com.br\/vittalitat\/wp-content\/uploads\/2020\/04\/logo-para-o-face.png\",\"contentUrl\":\"https:\/\/vittalitat.com.br\/vittalitat\/wp-content\/uploads\/2020\/04\/logo-para-o-face.png\",\"width\":700,\"height\":700,\"caption\":\"Vittalitat\"},\"image\":{\"@id\":\"https:\/\/vittalitat.com.br\/vittalitat\/#\/schema\/logo\/image\/\"},\"sameAs\":[\"https:\/\/www.facebook.com\/vittalitat\",\"https:\/\/www.instagram.com\/vittalitat\"]}]}<\/script>\n<!-- \/ Yoast SEO plugin. -->","yoast_head_json":{"title":"Omeganew - 360 C\u00e1psulas - Vittalitat","description":"Omeganew \u00e9 um suplemento nutricional produzido a partir do \u00f3leo de peixe (extra\u00eddo normalmente do atum e salm\u00e3o) rico em \u00f4mega 3, conjunto de \u00e1cidos graxos essenciais poli-insaturados que, se consumido diariamente e associado a uma alimenta\u00e7\u00e3o equilibrada e h\u00e1bitos de vida saud\u00e1veis, auxilia na manuten\u00e7\u00e3o de n\u00edveis saud\u00e1veis de triglicer\u00eddeos.","robots":{"index":"index","follow":"follow","max-snippet":"max-snippet:-1","max-image-preview":"max-image-preview:large","max-video-preview":"max-video-preview:-1"},"canonical":"https:\/\/vittalitat.com.br\/vittalitat\/loja\/omeganew-360\/","og_locale":"pt_BR","og_type":"article","og_title":"Omeganew - 360 C\u00e1psulas - Vittalitat","og_description":"Omeganew \u00e9 um suplemento nutricional produzido a partir do \u00f3leo de peixe (extra\u00eddo normalmente do atum e salm\u00e3o) rico em \u00f4mega 3, conjunto de \u00e1cidos graxos essenciais poli-insaturados que, se consumido diariamente e associado a uma alimenta\u00e7\u00e3o equilibrada e h\u00e1bitos de vida saud\u00e1veis, auxilia na manuten\u00e7\u00e3o de n\u00edveis saud\u00e1veis de triglicer\u00eddeos.","og_url":"https:\/\/vittalitat.com.br\/vittalitat\/loja\/omeganew-360\/","og_site_name":"Vittalitat","article_publisher":"https:\/\/www.facebook.com\/vittalitat","article_modified_time":"2026-03-20T16:17:48+00:00","og_image":[{"width":1000,"height":1000,"url":"https:\/\/vittalitat.com.br\/vittalitat\/wp-content\/uploads\/2020\/04\/Omeganew-360.jpg","type":"image\/jpeg"}],"twitter_card":"summary_large_image","twitter_misc":{"Est. tempo de leitura":"2 minutos"},"schema":{"@context":"https:\/\/schema.org","@graph":[{"@type":"WebPage","@id":"https:\/\/vittalitat.com.br\/vittalitat\/loja\/omeganew-360\/","url":"https:\/\/vittalitat.com.br\/vittalitat\/loja\/omeganew-360\/","name":"Omeganew - 360 C\u00e1psulas - Vittalitat","isPartOf":{"@id":"https:\/\/vittalitat.com.br\/vittalitat\/#website"},"datePublished":"2020-04-29T19:45:39+00:00","dateModified":"2026-03-20T16:17:48+00:00","description":"Omeganew \u00e9 um suplemento nutricional produzido a partir do \u00f3leo de peixe (extra\u00eddo normalmente do atum e salm\u00e3o) rico em \u00f4mega 3, conjunto de \u00e1cidos graxos essenciais poli-insaturados que, se consumido diariamente e associado a uma alimenta\u00e7\u00e3o equilibrada e h\u00e1bitos de vida saud\u00e1veis, auxilia na manuten\u00e7\u00e3o de n\u00edveis saud\u00e1veis de triglicer\u00eddeos.","breadcrumb":{"@id":"https:\/\/vittalitat.com.br\/vittalitat\/loja\/omeganew-360\/#breadcrumb"},"inLanguage":"pt-BR","potentialAction":[{"@type":"ReadAction","target":["https:\/\/vittalitat.com.br\/vittalitat\/loja\/omeganew-360\/"]}]},{"@type":"BreadcrumbList","@id":"https:\/\/vittalitat.com.br\/vittalitat\/loja\/omeganew-360\/#breadcrumb","itemListElement":[{"@type":"ListItem","position":1,"name":"In\u00edcio","item":"https:\/\/vittalitat.com.br\/vittalitat\/"},{"@type":"ListItem","position":2,"name":"Produtos","item":"https:\/\/vittalitat.com.br\/vittalitat\/shop\/"},{"@type":"ListItem","position":3,"name":"Omeganew &#8211; 360 C\u00e1psulas"}]},{"@type":"WebSite","@id":"https:\/\/vittalitat.com.br\/vittalitat\/#website","url":"https:\/\/vittalitat.com.br\/vittalitat\/","name":"Vittalitat","description":"Sa\u00fade, preven\u00e7\u00e3o e bem-estar","publisher":{"@id":"https:\/\/vittalitat.com.br\/vittalitat\/#organization"},"potentialAction":[{"@type":"SearchAction","target":{"@type":"EntryPoint","urlTemplate":"https:\/\/vittalitat.com.br\/vittalitat\/?s={search_term_string}"},"query-input":"required name=search_term_string"}],"inLanguage":"pt-BR"},{"@type":"Organization","@id":"https:\/\/vittalitat.com.br\/vittalitat\/#organization","name":"Vittalitat","url":"https:\/\/vittalitat.com.br\/vittalitat\/","logo":{"@type":"ImageObject","inLanguage":"pt-BR","@id":"https:\/\/vittalitat.com.br\/vittalitat\/#\/schema\/logo\/image\/","url":"https:\/\/vittalitat.com.br\/vittalitat\/wp-content\/uploads\/2020\/04\/logo-para-o-face.png","contentUrl":"https:\/\/vittalitat.com.br\/vittalitat\/wp-content\/uploads\/2020\/04\/logo-para-o-face.png","width":700,"height":700,"caption":"Vittalitat"},"image":{"@id":"https:\/\/vittalitat.com.br\/vittalitat\/#\/schema\/logo\/image\/"},"sameAs":["https:\/\/www.facebook.com\/vittalitat","https:\/\/www.instagram.com\/vittalitat"]}]}},"_links":{"self":[{"href":"https:\/\/vittalitat.com.br\/vittalitat\/wp-json\/wp\/v2\/product\/109","targetHints":{"allow":["GET"]}}],"collection":[{"href":"https:\/\/vittalitat.com.br\/vittalitat\/wp-json\/wp\/v2\/product"}],"about":[{"href":"https:\/\/vittalitat.com.br\/vittalitat\/wp-json\/wp\/v2\/types\/product"}],"replies":[{"embeddable":true,"href":"https:\/\/vittalitat.com.br\/vittalitat\/wp-json\/wp\/v2\/comments?post=109"}],"wp:featuredmedia":[{"embeddable":true,"href":"https:\/\/vittalitat.com.br\/vittalitat\/wp-json\/wp\/v2\/media\/291"}],"wp:attachment":[{"href":"https:\/\/vittalitat.com.br\/vittalitat\/wp-json\/wp\/v2\/media?parent=109"}],"wp:term":[{"taxonomy":"product_brand","embeddable":true,"href":"https:\/\/vittalitat.com.br\/vittalitat\/wp-json\/wp\/v2\/product_brand?post=109"},{"taxonomy":"product_cat","embeddable":true,"href":"https:\/\/vittalitat.com.br\/vittalitat\/wp-json\/wp\/v2\/product_cat?post=109"},{"taxonomy":"product_tag","embeddable":true,"href":"https:\/\/vittalitat.com.br\/vittalitat\/wp-json\/wp\/v2\/product_tag?post=109"}],"curies":[{"name":"wp","href":"https:\/\/api.w.org\/{rel}","templated":true}]}}